{"id":116,"date":"2018-07-16T10:14:10","date_gmt":"2018-07-16T10:14:10","guid":{"rendered":"http:\/\/demo.acmethemes.com\/lawyer-zone\/?page_id=46"},"modified":"2021-05-14T19:17:13","modified_gmt":"2021-05-14T22:17:13","slug":"mocidade","status":"publish","type":"page","link":"https:\/\/alianca.org.br\/site\/mocidade\/","title":{"rendered":"Mocidade"},"content":{"rendered":"\n\n\n<div class=\"wp-block-columns is-layout-flex wp-container-core-columns-is-layout-9d6595d7 wp-block-columns-is-layout-flex\">\n<div class=\"wp-block-column is-layout-flow wp-block-column-is-layout-flow\">\n<p><strong>OBJETIVO<\/strong><\/p>\n\n\n\n<p>Constru\u00e7\u00e3o da base religiosa e moral para que o&nbsp;jovem seja um crist\u00e3o ativo, sentindo-se&nbsp;preparado e fortalecido para a vida em&nbsp;sociedade e para caminhar encarando os&nbsp;desafios da vida com equil\u00edbrio e bom senso.<\/p>\n<\/div>\n\n\n\n<div class=\"wp-block-column is-layout-flow wp-block-column-is-layout-flow\">\n<p><strong>P\u00daBLICO-ALVO<\/strong><\/p>\n\n\n\n<p>Jovens entre 14 e 18 anos. A partir dos 18 anos,&nbsp;poder\u00e1 ingressar na&nbsp;Escola de Aprendizes do&nbsp;Evangelho.<\/p>\n<\/div>\n\n\n\n<div class=\"wp-block-column is-layout-flow wp-block-column-is-layout-flow\">\n<p><strong>COMO FUNCIONA<\/strong><\/p>\n\n\n\n<p>Encontros gratuitos e semanais de 90min. Cada&nbsp;casa trabalha com seus dias e hor\u00e1rios&nbsp;espec\u00edficos.<\/p>\n<\/div>\n<\/div>\n","protected":false},"excerpt":{"rendered":"<p>Curso que proporciona a viv\u00eancia do Espiritismo para jovens, cujo foco \u00e9 o acolhimento dos sentimentos, formando um grupo fraterno e amoroso.<\/p>\n","protected":false},"author":1,"featured_media":0,"parent":0,"menu_order":0,"comment_status":"closed","ping_status":"closed","template":"","meta":{"om_disable_all_campaigns":false,"_monsterinsights_skip_tracking":false,"_monsterinsights_sitenote_active":false,"_monsterinsights_sitenote_note":"","_monsterinsights_sitenote_category":0,"footnotes":""},"class_list":["post-116","page","type-page","status-publish","hentry"],"aioseo_notices":[],"_links":{"self":[{"href":"https:\/\/alianca.org.br\/site\/wp-json\/wp\/v2\/pages\/116","targetHints":{"allow":["GET"]}}],"collection":[{"href":"https:\/\/alianca.org.br\/site\/wp-json\/wp\/v2\/pages"}],"about":[{"href":"https:\/\/alianca.org.br\/site\/wp-json\/wp\/v2\/types\/page"}],"author":[{"embeddable":true,"href":"https:\/\/alianca.org.br\/site\/wp-json\/wp\/v2\/users\/1"}],"replies":[{"embeddable":true,"href":"https:\/\/alianca.org.br\/site\/wp-json\/wp\/v2\/comments?post=116"}],"version-history":[{"count":0,"href":"https:\/\/alianca.org.br\/site\/wp-json\/wp\/v2\/pages\/116\/revisions"}],"wp:attachment":[{"href":"https:\/\/alianca.org.br\/site\/wp-json\/wp\/v2\/media?parent=116"}],"curies":[{"name":"wp","href":"https:\/\/api.w.org\/{rel}","templated":true}]}}