{"id":126,"date":"2018-07-16T10:10:14","date_gmt":"2018-07-16T10:10:14","guid":{"rendered":"http:\/\/demo.acmethemes.com\/lawyer-zone\/?page_id=36"},"modified":"2023-02-24T23:19:14","modified_gmt":"2023-02-25T02:19:14","slug":"ead","status":"publish","type":"page","link":"https:\/\/alianca.org.br\/site\/ead\/","title":{"rendered":"Escola  on-line"},"content":{"rendered":"\n<h1 class=\"has-text-align-center has-large-font-size wp-block-heading\">Escola de Aprendizes Virtual<\/h1>\n\n\n\n<div style=\"height:28px\" aria-hidden=\"true\" class=\"wp-block-spacer\"><\/div>\n\n\n\n<div id=\"section-g5d50f1\" class=\"wp-block-gutentor-e6 alignwide section-g5d50f1 gutentor-element gutentor-element-image\"><div class=\"gutentor-element-image-box\"><div class=\"gutentor-image-thumb\"><img decoding=\"async\" class=\"normal-image lazyload\" data-src=\"https:\/\/alianca.org.br\/site\/wp-content\/uploads\/2022\/10\/online1.jpg\" src=\"data:image\/svg+xml;base64,PHN2ZyB3aWR0aD0iMSIgaGVpZ2h0PSIxIiB4bWxucz0iaHR0cDovL3d3dy53My5vcmcvMjAwMC9zdmciPjwvc3ZnPg==\" \/><\/div><\/div><\/div>\n\n\n\n<p class=\"has-medium-font-size\">entre em contato com a secretaria para saber de novas turmas    whatsApp e telefones no rodap\u00e9 da pagina<\/p>\n\n\n\n<div class=\"wp-block-columns is-layout-flex wp-container-core-columns-is-layout-9d6595d7 wp-block-columns-is-layout-flex\">\n<div class=\"wp-block-column is-layout-flow wp-block-column-is-layout-flow\">\n<figure class=\"wp-block-image size-full is-resized\"><img decoding=\"async\" data-src=\"https:\/\/alianca.org.br\/site\/wp-content\/uploads\/2023\/02\/image.png\" alt=\"\" class=\"wp-image-20469 lazyload\" width=\"68\" height=\"81\" src=\"data:image\/svg+xml;base64,PHN2ZyB3aWR0aD0iMSIgaGVpZ2h0PSIxIiB4bWxucz0iaHR0cDovL3d3dy53My5vcmcvMjAwMC9zdmciPjwvc3ZnPg==\" style=\"--smush-placeholder-width: 68px; --smush-placeholder-aspect-ratio: 68\/81;\" \/><\/figure>\n<\/div>\n<\/div>\n\n\n\n<div class=\"wp-block-columns is-layout-flex wp-container-core-columns-is-layout-9d6595d7 wp-block-columns-is-layout-flex\">\n<div class=\"wp-block-column is-layout-flow wp-block-column-is-layout-flow\">\n<p class=\"has-medium-font-size\">a espiritualidade para que<br>eles trouxessem orienta\u00e7\u00f5es.<br>Assim, um grupo de m\u00e9diuns<br>come\u00e7ou a trazer informa\u00e7\u00f5es<br>da espiritualidade sobre coisas<br>que precisavam ser feitas.<br>A espiritualidade pediu<br>para fazer vibra\u00e7\u00f5es em<br>fun\u00e7\u00e3o da guerra. Foi<br>organizado um curso<br>de m\u00e9diuns e os demais<br>programas da Federa\u00e7\u00e3o, sob<br>orienta\u00e7\u00e3o da espiritualidade.<br>O trabalho inicial de Edgard<br>Armond foi na Federa\u00e7\u00e3o<br>Esp\u00edrita, depois na Uni\u00e3o das<br>Sociedades Esp\u00edritas em 1947<br>e somente em 1973 junto com<br>um grupo de pessoas, fundou<br>a Alian\u00e7a.<br>Na Federa\u00e7\u00e3o houve<br>uma mudan\u00e7a no<br>programa original, por isso<br>a necessidade de cria\u00e7\u00e3o<br>da Alian\u00e7a, que manteve<br>o programa da mesma<br>forma que foi organizado<br>inicialmente. Tem um fato<br>interessante sobre Edgard<br>Armond. Ele era comandante<br>e durante a Revolu\u00e7\u00e3o de 32<br>ele saiu com um grupo de<br>soldados. Por ter essa liga\u00e7\u00e3o<br>com a espiritualidade, ele<br>n\u00e3o queria que nenhum<br>soldado da companhia dele<br>viesse a morrer na guerra e<br>nem que matassem outro<br>soldado. Porque seria um<br>brasileiro matando outro<br>brasileiro e ele n\u00e3o queria isso.<br>E para isso ele montou uma<br>estrat\u00e9gia: quando estavam<br>muito pr\u00f3ximos do inimigo<br>disparavam uma quantidade<br>muito grande de tiros para<br>o alto para mostrar que a<br>companhia deles era muito<br>grande e que os outros n\u00e3o<br>conseguiriam venc\u00ea-los<br>de forma nenhuma. Assim<br>ele conseguiu terminar a<br>revolu\u00e7\u00e3o e sair bem na<br>companhia dele sem que os<br>soldados tivessem matado<br>ningu\u00e9m e sem nenhuma<br>baixa.<\/p>\n\n\n\n<p class=\"has-medium-font-size\"><br><strong>Gabriel: Qual o objetivo<br>de Edgard ao criar a Alian\u00e7a<br>Esp\u00edrita Evang\u00e9lica e onde<br>Edgard nasceu?<\/strong><br>Marlene: Edgard Armond<br>nasceu em Guaratinguet\u00e1<br>(SP). O objetivo dele ao criar<br>a Alian\u00e7a era de manter a<br>Escola de Aprendizes do<br>Evangelho da forma como<br>ela foi orientada pelo plano<\/p>\n<\/div>\n\n\n\n<div class=\"wp-block-column is-layout-flow wp-block-column-is-layout-flow\">\n<p class=\"has-medium-font-size\">espiritual. E junto com um<br>grupo de amigos fazer<br>com que essa Escola fosse<br>difundida para o maior<br>n\u00famero de pessoas. Quando<br>era na Federa\u00e7\u00e3o, a Escola s\u00f3<br>poderia ser dada dentro da<br>Federa\u00e7\u00e3o. Os outros centros<br>esp\u00edritas que eram ligados<br>\u00e0 Federa\u00e7\u00e3o n\u00e3o podiam<br>ter Escola. Com a cria\u00e7\u00e3o<br>da Alian\u00e7a, o objetivo era<br>espalhar essa Escola para<br>todos os grupos que fizessem<br>parte da Alian\u00e7a.<\/p>\n\n\n\n<p class=\"has-medium-font-size\"><br>Lara: A Alian\u00e7a Esp\u00edrita<br><strong>Evang\u00e9lica \u00e9 totalmente<br>brasileira ou tem<br>participa\u00e7\u00e3o internacional?<\/strong><br><strong>Marlene:<\/strong> A Alian\u00e7a Esp\u00edrita<br>Evang\u00e9lica nasceu brasileira,<br>mas como ela tem o objetivo<br>de difundir os ensinamentos<br>de Jesus, ela hoje existe em<br>v\u00e1rios pa\u00edses. Na Argentina;<br>na cidade de Maputo, na<br>\u00c1frica; no Chile; na Alemanha;<br>na Espanha; na Fran\u00e7a; nos<br>Estados Unidos; no Canad\u00e1;<br>Austr\u00e1lia; Nova Zel\u00e2ndia;<br>Portugal e Cuba.<\/p>\n\n\n\n<p class=\"has-medium-font-size\"><br><strong>Michele:<\/strong> Mesmo sendo<br>um pa\u00eds fechado, a Alian\u00e7a<br>est\u00e1 presente em Cuba e tem<br>turmas de Pr\u00e9-Mocidade.<br>Patr\u00edcio: Nos pa\u00edses onde<br>j\u00e1 h\u00e1 a Alian\u00e7a existe O Trevo<br>nestas l\u00ednguas?<br>Marlene: O Trevo sai em<br>portugu\u00eas, porque grande<br>parte destas pessoas que<br>est\u00e3o nestes pa\u00edses s\u00e3o<br>brasileiras e eles pr\u00f3prios<br>traduzem.<\/p>\n\n\n\n<p class=\"has-medium-font-size\"><br>G<strong>abriel:<\/strong> No in\u00edcio<br>da Alian\u00e7a j\u00e1 existia a<br>Pr\u00e9-Mocidade e outros<br>trabalhos?<br>Marlene: No come\u00e7o<br>da Alian\u00e7a tinha a<br>Escola de Aprendizes do<br>Evangelho, o Curso de<br>M\u00e9diuns, a Assist\u00eancia<br>Espiritual padronizada e a<br>Evangeliza\u00e7\u00e3o Infantil. A Pr\u00e9-<br>Mocidade come\u00e7ou a nascer<br>no in\u00edcio dos anos 2000<br>em fun\u00e7\u00e3o da observa\u00e7\u00e3o<br>dos evangelizadores do<br>intermedi\u00e1rio sobre a<br>diferen\u00e7a de pensamentos e<br>ideias das crian\u00e7as acima de<br>12 anos.<br>Mari: Existe algu\u00e9m vivo<br>que participou do in\u00edcio da<\/p>\n<\/div>\n\n\n\n<div class=\"wp-block-column is-layout-flow wp-block-column-is-layout-flow\">\n<p class=\"has-medium-font-size\">Alian\u00e7a?<br>Marlene: Tem. Meu amigo<br>Coutinho. A Dona Guiomar,<br>do centro Perseveran\u00e7a. Ela<br>foi uma das fundadoras da<br>Alian\u00e7a. Em visita ao Chico,<br>ele lhe disse que ela tinha um<br>trabalho espec\u00edfico para fazer<br>e que ela tinha que cuidar<br>do trabalho dela. Por isso ela<br>n\u00e3o continua na Alian\u00e7a. Ela<br>permanece numa alian\u00e7a de<br>ideal e num trabalho de muito<br>afinco.<\/p>\n\n\n\n<p class=\"has-medium-font-size\"><br><strong>Gabriel: O Chico Xavier<br>chegou a participar da<br>Alian\u00e7a?<\/strong><br>Marlene: Como Chico<br>tinha um trabalho espec\u00edfico,<br>ele chegou a visitar, mas n\u00e3o<br>participava efetivamente.<br>Muito antes de a Alian\u00e7a<br>nascer, ele j\u00e1 tinha o centro<br>que trabalhava. Divaldo<br>Franco tamb\u00e9m s\u00f3 visitou.<br>Entretanto Divaldo, numa<br>visita \u00e0 Federa\u00e7\u00e3o, trouxe uma<br>mensagem da espiritualidade<br>diretamente para Edgard<br>Armond sobre o trabalho que<br>ele realizava.<br>Gabriel: No in\u00edcio da<br>Alian\u00e7a, eles recebiam<br>esp\u00edritos, psicografias etc.?<br>Marlene: Sim. Existia um<br>grupo de 12 m\u00e9diuns que<br>trabalhavam com Armond e<br>que traziam psicografias.<br>Gabriel: Qual foi o<br>primeiro encontro de Pr\u00e9-<br>Mocidade?<br><strong>Marlene:<\/strong> Em 2006 no<br>centro esp\u00edrita Batu\u00edra, na<br>Regional S\u00e3o Paulo Norte.<br>Michele: Na verdade, em<br>2005 iniciou a implanta\u00e7\u00e3o do<br>programa da Pr\u00e9-Mocidade<br>na RGA, onde foram reunidas<br>pessoas do Brasil inteiro,<br>inclusive Cuiab\u00e1 e Santos. Em<br>2006 tivemos um semin\u00e1rio<br>em 26\/07 no Vinha de Luz,<br>regional S\u00e3o Paulo Centro e<br>um primeiro encontro, para<br>explicar o que era a Pr\u00e9-<br>Mocidade.<\/p>\n\n\n\n<p class=\"has-medium-font-size\"><br><strong>Gabriel: Quem criou a Pr\u00e9-<br>Mocidade?<\/strong><br>Marlene: Foi um grupo<br>de evangelizadores infantis<br>que come\u00e7ou a observar a<br>necessidade de um programa<br>espec\u00edfico. Neste per\u00edodo<br>havia bimestralmente reuni\u00e3o<br>de evangelizadores infantis<\/p>\n<\/div>\n<\/div>\n","protected":false},"excerpt":{"rendered":"<p>Cursos gratuitos com metodologia adaptada para o ensino a dist\u00e2ncia para transpor barreiras a pessoas impossibilitadas de frequentar presencialmente uma escola.<\/p>\n","protected":false},"author":1,"featured_media":0,"parent":0,"menu_order":0,"comment_status":"closed","ping_status":"closed","template":"","meta":{"om_disable_all_campaigns":false,"_monsterinsights_skip_tracking":false,"_monsterinsights_sitenote_active":false,"_monsterinsights_sitenote_note":"","_monsterinsights_sitenote_category":0,"footnotes":""},"class_list":["post-126","page","type-page","status-publish","hentry"],"aioseo_notices":[],"_links":{"self":[{"href":"https:\/\/alianca.org.br\/site\/wp-json\/wp\/v2\/pages\/126","targetHints":{"allow":["GET"]}}],"collection":[{"href":"https:\/\/alianca.org.br\/site\/wp-json\/wp\/v2\/pages"}],"about":[{"href":"https:\/\/alianca.org.br\/site\/wp-json\/wp\/v2\/types\/page"}],"author":[{"embeddable":true,"href":"https:\/\/alianca.org.br\/site\/wp-json\/wp\/v2\/users\/1"}],"replies":[{"embeddable":true,"href":"https:\/\/alianca.org.br\/site\/wp-json\/wp\/v2\/comments?post=126"}],"version-history":[{"count":0,"href":"https:\/\/alianca.org.br\/site\/wp-json\/wp\/v2\/pages\/126\/revisions"}],"wp:attachment":[{"href":"https:\/\/alianca.org.br\/site\/wp-json\/wp\/v2\/media?parent=126"}],"curies":[{"name":"wp","href":"https:\/\/api.w.org\/{rel}","templated":true}]}}