{"id":128,"date":"2018-07-16T10:09:45","date_gmt":"2018-07-16T10:09:45","guid":{"rendered":"http:\/\/demo.acmethemes.com\/lawyer-zone\/?page_id=34"},"modified":"2022-10-02T17:44:11","modified_gmt":"2022-10-02T20:44:11","slug":"https-alianca-org-br-site-wp-content-uploads-2022-06-novo-curso-basico-julho-2022-para-download-pdf","status":"publish","type":"page","link":"https:\/\/alianca.org.br\/site\/https-alianca-org-br-site-wp-content-uploads-2022-06-novo-curso-basico-julho-2022-para-download-pdf\/","title":{"rendered":"Curso B\u00e1sico de Espiritismo"},"content":{"rendered":"\n<div class=\"wp-block-columns is-layout-flex wp-container-core-columns-is-layout-9d6595d7 wp-block-columns-is-layout-flex\">\n<div class=\"wp-block-column is-layout-flow wp-block-column-is-layout-flow\">\n<p><strong>OBJETIVO<\/strong><\/p>\n\n\n\n<p>Trazer aos alunos o hist\u00f3rico e os princ\u00edpios&nbsp;b\u00e1sicos do Espiritismo e prepar\u00e1-los para um&nbsp;melhor aproveitamento nas&nbsp;Escolas de&nbsp;Aprendizes do Evangelho, onde ter\u00e3o um&nbsp;estudo bem mais completo sobre a Doutrina&nbsp;Esp\u00edrita.<\/p>\n<\/div>\n\n\n\n<div class=\"wp-block-column is-layout-flow wp-block-column-is-layout-flow\">\n<p><strong>P\u00daBLICO-ALVO<\/strong><\/p>\n\n\n\n<p>Adultos, a partir de 18 anos (jovens s\u00e3o&nbsp;direcionados \u00e0&nbsp;Mocidade); sem qualquer&nbsp;restri\u00e7\u00e3o, interessados em conhecer os&nbsp;aspectos fundamentais da Doutrina Esp\u00edrita.<\/p>\n<\/div>\n\n\n\n<div class=\"wp-block-column is-layout-flow wp-block-column-is-layout-flow\">\n<p><strong>COMO FUNCIONA<\/strong><\/p>\n\n\n\n<p>Encontros gratuitos e semanais de 90min. Cada&nbsp;casa trabalha com seus dias e hor\u00e1rios&nbsp;espec\u00edficos.<\/p>\n<\/div>\n<\/div>\n\n\n\n<h2 class=\"wp-block-heading\"><strong>NOVO PROGRAMA CURSO B\u00c1SICO &#8211; JULHO 2022<\/strong><\/h2>\n\n\n\n<div id=\"section-g6a724e\" class=\"wp-block-gutentor-e0 section-g6a724e gutentor-element gutentor-element-advanced-text\"><div class=\"gutentor-text-wrap\"><p class=\"gutentor-text\">Ap\u00f3s muitas reuni\u00f5es de trabalho da Equipe Projeto EAE-FDJ, que inclu\u00edram verifica\u00e7\u00f5es espirituais em variados grupos em repetidas etapas e a aprova\u00e7\u00e3o peri\u00f3dica do desenvolvimento do trabalho pelo CGI, tivemos o NOVO PROGRAMA DO CURSO B\u00c1SICO aprovado em AGI do \u00faltimo dia 3 de abril de 2022.<br>&nbsp;<br>Para elaborar o novo Curso B\u00e1sico, partimos de algumas premissas que nos auxiliaram em sua estrutura\u00e7\u00e3o:<br>\u00b7&nbsp;&nbsp;&nbsp;&nbsp;&nbsp;&nbsp;&nbsp; Ser objetivo;<br>\u00b7&nbsp;&nbsp;&nbsp;&nbsp;&nbsp;&nbsp;&nbsp; Ser sint\u00e9tico;<br>\u00b7&nbsp;&nbsp;&nbsp;&nbsp;&nbsp;&nbsp;&nbsp; Ser aglutinador para a Escola de Aprendizes;<br>\u00b7&nbsp;&nbsp;&nbsp;&nbsp;&nbsp;&nbsp;&nbsp; Ser acolhedor;<br>\u00b7&nbsp;&nbsp;&nbsp;&nbsp;&nbsp;&nbsp;&nbsp; Ser preparat\u00f3rio dos princ\u00edpios b\u00e1sicos doutrin\u00e1rios;<br>\u00b7&nbsp;&nbsp;&nbsp;&nbsp;&nbsp;&nbsp;&nbsp; Ser prop\u00edcio ao ambiente m\u00edstico.<br>&nbsp;<br>Para esta <strong>vers\u00e3o final<\/strong>, baseada no retorno das avalia\u00e7\u00f5es das turmas piloto, foi poss\u00edvel adequar melhor o texto para o p\u00fablico de dentro e de fora do Pa\u00eds. O processo incluiu o teste e revis\u00e3o das aulas a partir de aplica\u00e7\u00e3o do programa em turmas piloto em variadas regionais, incluindo o Exterior e todo este trabalho derivou na nova estrutura que busca um maior e mais amplo apoio ao processo de evangeliza\u00e7\u00e3o do ser.<\/p><\/div><\/div>\n\n\n\n<div id=\"section-g584a14\" class=\"wp-block-gutentor-e7 section-g584a14 gutentor-element gutentor-element-list\"><ul class=\"grid-row gutentor-grid-item-wrap list-indicator-icon\"><li class=\"gutentor-list-item grid-lg-12 grid-md-12 grid-12\"><span class=\"gutentor-single-item gutentor-single-item-0\"><a class=\"gutentor-single-item-title-link\" href=\"https:\/\/alianca.org.br\/site\/novo-programa-curso-basico\/\"><span class=\"gutentor-list-item-wrap g-s-list-wrap\"><span class=\"gutentor-single-list-item-icon\"><i class=\"list-item-icon fas fa-arrow-right\"><\/i><\/span><span class=\"gutentor-list-item\"><p class=\"gutentor-single-item-title\"><strong>Novo Programa<\/strong><\/p><\/span><\/span><\/a><\/span><\/li><li class=\"gutentor-list-item grid-lg-12 grid-md-12 grid-12\"><span class=\"gutentor-single-item gutentor-single-item-1\"><a class=\"gutentor-single-item-title-link\" href=\"https:\/\/alianca.org.br\/site\/objetivo-das-aulas\/\"><span class=\"gutentor-list-item-wrap g-s-list-wrap\"><span class=\"gutentor-single-list-item-icon\"><i class=\"list-item-icon fas fa-arrow-right\"><\/i><\/span><span class=\"gutentor-list-item\"><p class=\"gutentor-single-item-title\"><strong>Objetivo das Aulas<\/strong><\/p><\/span><\/span><\/a><\/span><\/li><li class=\"gutentor-list-item grid-lg-12 grid-md-12 grid-12\"><span class=\"gutentor-single-item gutentor-single-item-2\"><a class=\"gutentor-single-item-title-link\" href=\"https:\/\/alianca.org.br\/site\/referencias-bibliograficas\/\"><span class=\"gutentor-list-item-wrap g-s-list-wrap\"><span class=\"gutentor-single-list-item-icon\"><i class=\"list-item-icon fas fa-arrow-right\"><\/i><\/span><span class=\"gutentor-list-item\"><p class=\"gutentor-single-item-title\"><strong>Refer\u00eancias Bibliogr\u00e1ficas<\/strong><\/p><\/span><\/span><\/a><\/span><\/li><li class=\"gutentor-list-item grid-lg-12 grid-md-12 grid-12\"><span class=\"gutentor-single-item gutentor-single-item-3\"><a class=\"gutentor-single-item-title-link\" href=\"https:\/\/alianca.org.br\/site\/instrucoes-para-reestruturacao-das-aulas\/\"><span class=\"gutentor-list-item-wrap g-s-list-wrap\"><span class=\"gutentor-single-list-item-icon\"><i class=\"list-item-icon fas fa-arrow-right\"><\/i><\/span><span class=\"gutentor-list-item\"><p class=\"gutentor-single-item-title\"><strong>Instru\u00e7\u00f5es para Reestrutura\u00e7\u00e3o das Aulas<\/strong><\/p><\/span><\/span><\/a><\/span><\/li><\/ul><\/div>\n\n\n\n<div id=\"section-geb79dd\" class=\"wp-block-gutentor-e2 section-geb79dd gutentor-element gutentor-element-button\"><span class=\"gutentor-button-wrap\"><a class=\"gutentor-button gutentor-block-button gutentor-icon-hide\" href=\"https:\/\/alianca.org.br\/site\/wp-content\/uploads\/2022\/06\/Novo-Curso-Basico-Julho-2022-Para-Download.pdf\"><i class=\"gutentor-button-icon fas fa-book\"><\/i><span>Baixe aqui o Novo Programa<\/span><\/a><\/span><\/div>\n","protected":false},"excerpt":{"rendered":"<p>Curso com programa r\u00e1pido e de natureza simples e objetiva, busca uniformizar conceitos em rela\u00e7\u00e3o a doutrina esp\u00edrita.<\/p>\n","protected":false},"author":1,"featured_media":0,"parent":0,"menu_order":0,"comment_status":"closed","ping_status":"closed","template":"","meta":{"om_disable_all_campaigns":false,"_monsterinsights_skip_tracking":false,"_monsterinsights_sitenote_active":false,"_monsterinsights_sitenote_note":"","_monsterinsights_sitenote_category":0,"footnotes":""},"class_list":["post-128","page","type-page","status-publish","hentry"],"aioseo_notices":[],"_links":{"self":[{"href":"https:\/\/alianca.org.br\/site\/wp-json\/wp\/v2\/pages\/128","targetHints":{"allow":["GET"]}}],"collection":[{"href":"https:\/\/alianca.org.br\/site\/wp-json\/wp\/v2\/pages"}],"about":[{"href":"https:\/\/alianca.org.br\/site\/wp-json\/wp\/v2\/types\/page"}],"author":[{"embeddable":true,"href":"https:\/\/alianca.org.br\/site\/wp-json\/wp\/v2\/users\/1"}],"replies":[{"embeddable":true,"href":"https:\/\/alianca.org.br\/site\/wp-json\/wp\/v2\/comments?post=128"}],"version-history":[{"count":0,"href":"https:\/\/alianca.org.br\/site\/wp-json\/wp\/v2\/pages\/128\/revisions"}],"wp:attachment":[{"href":"https:\/\/alianca.org.br\/site\/wp-json\/wp\/v2\/media?parent=128"}],"curies":[{"name":"wp","href":"https:\/\/api.w.org\/{rel}","templated":true}]}}