{"id":15128,"date":"2022-06-19T15:29:48","date_gmt":"2022-06-19T18:29:48","guid":{"rendered":"https:\/\/alianca.org.br\/site\/?page_id=15128"},"modified":"2022-06-20T09:43:22","modified_gmt":"2022-06-20T12:43:22","slug":"objetivo-das-aulas","status":"publish","type":"page","link":"https:\/\/alianca.org.br\/site\/objetivo-das-aulas\/","title":{"rendered":"Objetivo das Aulas"},"content":{"rendered":"<table style=\"height: 3709px;\" width=\"769\">\n<tbody>\n<tr>\n<td width=\"86\">\n<p style=\"text-align: center;\"><strong>No. DA AULA<\/strong><\/p>\n<\/td>\n<td style=\"text-align: center;\" width=\"169\"><strong>NOME AULA<\/strong><\/td>\n<td width=\"397\">\n<p style=\"text-align: center;\"><strong>OBJETIVO<\/strong><\/p>\n<\/td>\n<\/tr>\n<tr>\n<td width=\"86\"><strong>01<\/strong><\/td>\n<td width=\"169\"><strong>Manifesta\u00e7\u00f5es dos esp\u00edritos no mundo. Das Antigas Tradi\u00e7\u00f5es Espirituais ao Espiritismo.\u00a0<\/strong><\/td>\n<td width=\"397\">Contextualizar as manifesta\u00e7\u00f5es medi\u00fanicas ao longo do desenvolvimento da humanidade na Terra como eventos que se deram sob diferentes formas. Destacar o Espiritismo como doutrina contempor\u00e2nea, demonstrando que os fen\u00f4menos de mediunismo, no final do s\u00e9culo XIX, passaram a ser estudados e sistematizados pela doutrina. Dar a conhecer o per\u00edodo hist\u00f3rico e os fatos que permearam o advento da Doutrina Esp\u00edrita.<\/td>\n<\/tr>\n<tr>\n<td width=\"86\"><strong>02<\/strong><\/td>\n<td width=\"169\"><strong>Allan Kardec e a Doutrina Esp\u00edrita. O Paracleto prometido por Jesus.<\/strong><\/td>\n<td width=\"397\">Apresentar a ess\u00eancia da Doutrina, ressaltando a import\u00e2ncia do bom senso de Allan Kardec e de seu criterioso m\u00e9todo de trabalho. Evidenciar a Doutrina como a terceira revela\u00e7\u00e3o.<\/td>\n<\/tr>\n<tr>\n<td width=\"86\"><strong>03<\/strong><\/td>\n<td width=\"169\"><strong>A Propaga\u00e7\u00e3o da Doutrina Esp\u00edrita.<\/strong><\/td>\n<td width=\"397\">Demonstrar a dedica\u00e7\u00e3o de Allan Kardec em difundir a Doutrina, dentro e fora da Fran\u00e7a, e em mant\u00ea-la coerente com as instru\u00e7\u00f5es da Espiritualidade. Mencionar alguns estudiosos que, direta ou indiretamente, auxiliaram na propaga\u00e7\u00e3o do Espiritismo.<\/td>\n<\/tr>\n<tr>\n<td width=\"86\"><strong>04<\/strong><\/td>\n<td width=\"169\"><strong>O Esbo\u00e7o de O Livro dos Esp\u00edritos<\/strong><\/td>\n<td width=\"397\">Descrever o hist\u00f3rico, o contexto de lan\u00e7amento e a estrutura de \u201cO Livro dos Esp\u00edritos\u201d. Demonstr\u00e1-lo como a espinha dorsal do aspecto filos\u00f3fico do Espiritismo. Descrever os livros de que se comp\u00f5e e mostrar sua import\u00e2ncia como estudo e compreens\u00e3o da doutrina. Mostrar como seu lan\u00e7amento foi fundamental para a hist\u00f3ria do Espiritismo.<\/td>\n<\/tr>\n<tr>\n<td width=\"86\"><strong>05<\/strong><\/td>\n<td width=\"169\"><strong>Os aspectos da Doutrina Esp\u00edrita.<\/strong><\/td>\n<td width=\"397\">Descrever as bases do Espiritismo sobre o trip\u00e9: Religi\u00e3o &#8211; moral; Ci\u00eancia &#8211; comprova\u00e7\u00e3o; Filosofia &#8211; proposi\u00e7\u00e3o para nossa evolu\u00e7\u00e3o. Apresentar a ci\u00eancia e a filosofia como os aspectos que mant\u00eam a doutrina amparada no mundo dos fatos, n\u00e3o a deixando suscet\u00edvel ao descr\u00e9dito, e mostrar o aspecto religioso como a liga\u00e7\u00e3o com o lado moral e com Deus. Relacionar os homens que avalizaram a doutrina e desenvolveram seus aspectos cient\u00edficos e filos\u00f3ficos (Camille Flammarion, L\u00e9on Denis, Ernesto Bozzano etc.). Descrever o trabalho de Bezerra de Menezes, que desenvolveu o aspecto religioso da doutrina. Refletir sobre as responsabilidades do crist\u00e3o: vivenciar, exemplificar.<\/td>\n<\/tr>\n<tr>\n<td width=\"86\"><strong>06<\/strong><\/td>\n<td width=\"169\"><strong>O Espiritismo no Brasil<\/strong><\/td>\n<td width=\"397\">Apresentar os motivos pelos quais o Espiritismo, no seu aspecto religioso, se desenvolveu mais no Brasil do que em outros pa\u00edses. Mostrar a import\u00e2ncia do Espiritismo no Brasil, abordando alguns de seus mais relevantes colaboradores.<\/td>\n<\/tr>\n<tr>\n<td width=\"86\"><strong>07<\/strong><\/td>\n<td width=\"169\"><strong>Diferen\u00e7a entre Espiritismo e religi\u00f5es afro-brasileiras.<\/strong><\/td>\n<td width=\"397\">Ressaltar que a caridade e o mediunismo &#8211; manifesta\u00e7\u00f5es espirituais ostensivas &#8211; s\u00e3o o ponto em comum entre o Espiritismo e as religi\u00f5es de matrizes africanas, como a Umbanda e o Candombl\u00e9. Refor\u00e7ar a no\u00e7\u00e3o de respeito a outras manifesta\u00e7\u00f5es religiosas que propiciam a pr\u00e1tica do bem e o conforto ao homem.<\/td>\n<\/tr>\n<tr>\n<td width=\"86\"><strong>08<\/strong><\/td>\n<td width=\"169\"><strong>Esbo\u00e7o de O Livro dos M\u00e9diuns \u2013 Guia dos M\u00e9diuns e dos Evocadores<\/strong><\/td>\n<td width=\"397\">Mostrar que o fen\u00f4meno medi\u00fanico sempre existiu, desde a antiguidade. Ressaltar a parte experimental da Doutrina: o interc\u00e2mbio medi\u00fanico. Demonstrar os cuidados que os m\u00e9diuns devem tomar.<\/td>\n<\/tr>\n<tr>\n<td width=\"86\"><strong>09<\/strong><\/td>\n<td width=\"169\"><strong>Mundo material, mundo espiritual e interc\u00e2mbio atrav\u00e9s da mediunidade.<\/strong><\/td>\n<td width=\"397\">Relatar, brevemente, as caracter\u00edsticas do mundo espiritual, associando-as com o modo de ser do encarnado e com seu esfor\u00e7o em melhorar, em viver conforme o evangelho. Mostrar o papel da mediunidade na conex\u00e3o entre o mundo material e o espiritual.<\/td>\n<\/tr>\n<tr>\n<td width=\"86\"><strong>10<\/strong><\/td>\n<td width=\"169\"><strong>As Fraternidades do Espa\u00e7o.<\/strong><\/td>\n<td width=\"397\">Apresentar uma vis\u00e3o de como o Plano Espiritual Superior pode ajudar no processo evolutivo. Demonstrar que esse aux\u00edlio exige disciplina e esfor\u00e7o dos encarnados para que se torne efetivo. Mostrar que o Espiritismo em geral, e os programas da Alian\u00e7a especificamente, receberam influ\u00eancia do plano superior para se tornarem instrumentos do progresso da humanidade.<\/td>\n<\/tr>\n<tr>\n<td width=\"86\"><strong>11<\/strong><\/td>\n<td width=\"169\"><strong>As Leis de Reencarna\u00e7\u00e3o e de A\u00e7\u00e3o e Rea\u00e7\u00e3o.<\/strong><\/td>\n<td width=\"397\">Ressaltar que as leis da reencarna\u00e7\u00e3o e de a\u00e7\u00e3o e rea\u00e7\u00e3o s\u00e3o leis naturais, que refletem a Justi\u00e7a Divina. Exemplificar, por meio de fatos e viv\u00eancias no mundo, como se processam essas leis e como elas nos impulsionam ao trabalho e ao esfor\u00e7o de renova\u00e7\u00e3o interior.<\/td>\n<\/tr>\n<tr>\n<td width=\"86\"><strong>12<\/strong><\/td>\n<td width=\"169\"><strong>O Esbo\u00e7o do livro C\u00e9u e Inferno.<\/strong><\/td>\n<td width=\"397\">Refor\u00e7ar que a vida n\u00e3o cessa. Ressaltar a Justi\u00e7a Divina. Apresentar a vida espiritual, relacionando seus valores e seus trabalhos aos da vida material.<\/td>\n<\/tr>\n<tr>\n<td width=\"86\"><strong>13<\/strong><\/td>\n<td width=\"169\"><strong>Envolt\u00f3rios espirituais, perisp\u00edrito e corpo et\u00e9reo.<\/strong><\/td>\n<td width=\"397\">Relatar que o conhecimento do mundo espiritual n\u00e3o \u00e9 privativo da Doutrina Esp\u00edrita, mas tamb\u00e9m de diversas filosofias e religi\u00f5es que, ao lado do Espiritismo, revelam os planos invis\u00edveis aos olhos materiais. Destacar que a vis\u00e3o esp\u00edrita \u00e9 de f\u00e1cil compreens\u00e3o e demonstra\u00e7\u00e3o cient\u00edfica. Definir perisp\u00edrito, duplo et\u00e9rico e aura.<\/td>\n<\/tr>\n<tr>\n<td width=\"86\"><strong>14<\/strong><\/td>\n<td width=\"169\"><strong>Esbo\u00e7o do livro A G\u00eanese \u2013 Os Milagres e as Predi\u00e7\u00f5es segundo o Espiritismo.<\/strong><\/td>\n<td width=\"397\">Descrever, resumidamente, os principais pontos abordados pelo livro (aspectos cient\u00edficos, filos\u00f3ficos, dos milagres do Evangelho e das predi\u00e7\u00f5es). Fazer uma analogia entre a g\u00eanese mosaica e a cient\u00edfica. Abordar, de modo breve, os sinais de mudan\u00e7a da Terra e de seu caminho para uma nova sociedade, mais justa e fraterna.<\/td>\n<\/tr>\n<tr>\n<td width=\"86\"><strong>15<\/strong><\/td>\n<td width=\"169\"><strong>Recorda\u00e7\u00f5es de exist\u00eancias anteriores. Necessidade da pr\u00e1tica do bem. A forma\u00e7\u00e3o crist\u00e3 da fam\u00edlia.<\/strong><\/td>\n<td width=\"397\">Ressaltar a imortalidade da alma e as a\u00e7\u00f5es do passado refletindo no presente. Mostrar a mat\u00e9ria como palco de grandes experi\u00eancias e a reencarna\u00e7\u00e3o como grande oportunidade. Mostrar que o esquecimento do passado espiritual nos ajuda a retomar o caminho da evolu\u00e7\u00e3o. Indagar sobre que for\u00e7a nos impulsiona \u00e0 pr\u00e1tica do bem. Ilustrar os mecanismos divinos de reajuste dentro das fam\u00edlias.<\/td>\n<\/tr>\n<tr>\n<td width=\"86\"><strong>16<\/strong><\/td>\n<td width=\"169\"><strong>O Esbo\u00e7o do livro O Evangelho segundo o Espiritismo.<\/strong><\/td>\n<td width=\"397\">Abordar o aspecto religioso da doutrina e seus valores morais. Apresentar o porqu\u00ea do Evangelho no Lar e como realiz\u00e1-lo. Propiciar a reflex\u00e3o sobre os ensinos de Jesus e ressaltar sua atualidade.<\/td>\n<\/tr>\n<tr>\n<td width=\"86\"><strong>17<\/strong><\/td>\n<td width=\"169\"><strong>A vida moral com base no Evangelho de Jesus<\/strong><\/td>\n<td width=\"397\">Real\u00e7ar que no Evangelho h\u00e1 ensinamentos espirituais de grande atualidade. Explanar aos aprendizes um dos recursos did\u00e1ticos mais difundidos por Jesus: AS PAR\u00c1BOLAS. Enfatizar a s\u00edntese que o Serm\u00e3o do Monte faz da mensagem renovadora de Jesus.<\/td>\n<\/tr>\n<\/tbody>\n<\/table>\n","protected":false},"excerpt":{"rendered":"<p>No. DA AULA NOME AULA OBJETIVO 01 Manifesta\u00e7\u00f5es dos esp\u00edritos no mundo. Das Antigas Tradi\u00e7\u00f5es Espirituais ao Espiritismo.\u00a0 Contextualizar as manifesta\u00e7\u00f5es medi\u00fanicas ao longo do desenvolvimento da humanidade na Terra como eventos que se deram sob diferentes formas. Destacar o Espiritismo como doutrina contempor\u00e2nea, demonstrando que os fen\u00f4menos de mediunismo, no final do s\u00e9culo XIX, [&hellip;]<\/p>\n","protected":false},"author":26,"featured_media":0,"parent":0,"menu_order":0,"comment_status":"closed","ping_status":"closed","template":"","meta":{"om_disable_all_campaigns":false,"_monsterinsights_skip_tracking":false,"_monsterinsights_sitenote_active":false,"_monsterinsights_sitenote_note":"","_monsterinsights_sitenote_category":0,"footnotes":""},"class_list":["post-15128","page","type-page","status-publish","hentry"],"aioseo_notices":[],"_links":{"self":[{"href":"https:\/\/alianca.org.br\/site\/wp-json\/wp\/v2\/pages\/15128","targetHints":{"allow":["GET"]}}],"collection":[{"href":"https:\/\/alianca.org.br\/site\/wp-json\/wp\/v2\/pages"}],"about":[{"href":"https:\/\/alianca.org.br\/site\/wp-json\/wp\/v2\/types\/page"}],"author":[{"embeddable":true,"href":"https:\/\/alianca.org.br\/site\/wp-json\/wp\/v2\/users\/26"}],"replies":[{"embeddable":true,"href":"https:\/\/alianca.org.br\/site\/wp-json\/wp\/v2\/comments?post=15128"}],"version-history":[{"count":0,"href":"https:\/\/alianca.org.br\/site\/wp-json\/wp\/v2\/pages\/15128\/revisions"}],"wp:attachment":[{"href":"https:\/\/alianca.org.br\/site\/wp-json\/wp\/v2\/media?parent=15128"}],"curies":[{"name":"wp","href":"https:\/\/api.w.org\/{rel}","templated":true}]}}