{"id":15502,"date":"2022-06-30T21:37:52","date_gmt":"2022-07-01T00:37:52","guid":{"rendered":"https:\/\/alianca.org.br\/site\/?page_id=15502"},"modified":"2025-11-16T18:19:42","modified_gmt":"2025-11-16T21:19:42","slug":"regionais","status":"publish","type":"page","link":"https:\/\/alianca.org.br\/site\/regionais\/","title":{"rendered":"Regionais"},"content":{"rendered":"\n<h1 class=\"wp-block-heading\">Regionais<\/h1>\n\n\n\n<p class=\"hover-img has-medium-font-size\"><img fetchpriority=\"high\" decoding=\"async\" width=\"300\" height=\"232\" class=\"size-medium wp-image-15503 alignnone\" src=\"https:\/\/alianca.org.br\/site\/wp-content\/uploads\/2022\/06\/707_11112006-300x232.jpg\" alt=\"\" srcset=\"https:\/\/alianca.org.br\/site\/wp-content\/uploads\/2022\/06\/707_11112006-300x232.jpg 300w, https:\/\/alianca.org.br\/site\/wp-content\/uploads\/2022\/06\/707_11112006.jpg 305w\" sizes=\"(max-width: 300px) 100vw, 300px\" \/> <strong> A Alian\u00e7a se organiza em Regionais,<\/strong> Somos dezenove Regionais cobrindo grande parte do Territ\u00f3rio Nacional.&nbsp; Tamb\u00e9m temos grupos em v\u00e1rios Pa\u00edses os quais damos apoio, as casas do exterior se correspondem direto com a secretaria ou atrav\u00e9s do seu grupo de apoio.&nbsp; abaixo adicionamos link para as redes sociais e sites de v\u00e1rias regionais, para maiores informa\u00e7\u00f5es entre em contato pelo n\u00famero no cabe\u00e7alho do site.<\/p>\n\n\n\n<div style=\"height:30px\" aria-hidden=\"true\" class=\"wp-block-spacer\"><\/div>\n\n\n\n<p class=\"has-black-color has-text-color has-link-color has-medium-font-size wp-elements-36ad2a5e171382cc564476115c1d44db\">No dia 16\/07 de 2024 inaugurou mais uma casa da Alian\u00e7a espirita, a primeira na cidade de Nova Odessa, \u00e9 sem d\u00favida um momento marcante para todos, No passado j\u00e1 tivemos casa da Alian\u00e7a em nova Odessa, e acabou fechando e agora retornando com muita for\u00e7a, e cheio de energia, desde 2019 volunt\u00e1rios se reuniram para a realiza\u00e7\u00e3o deste sonho. tudo pronto para realizar o sonho da nova casa mas a Pandemia mudou os planos, o que era pra ser presencial come\u00e7ou a ser realizado virtualmente atrav\u00e9s das vibra\u00e7\u00f5es, disc\u00edpulo nunca para, busca solu\u00e7\u00e3o sempre, e o grupo vibra pela nova casa, se re\u00fane e atrav\u00e9s da contribui\u00e7\u00e3o de cada um adquire e constroem o pr\u00e9dio da nova casa, parab\u00e9ns a toda a equipe do Francisco de Assis de Nova Odessa que Jesus comande todas as atividades, tenho convic\u00e7\u00e3o que cumprir\u00e3o essa grande miss\u00e3o de consolar os cora\u00e7\u00f5es que chegarem at\u00e9 voc\u00eas.&nbsp;<\/p>\n\n\n\n<p class=\"has-black-color has-text-color has-link-color has-medium-font-size wp-elements-9b6e1ca92e5bdd8860cb0c57292bd52e\">s\u00e3o v\u00e1rias not\u00edcias boas e sentimos que nossa Alian\u00e7a est\u00e1 no rumo certo e com as casas em grande parte com muitos frequentadores, mostrando uma oportunidade de trabalho aos volunt\u00e1rios. Aos que procuram as casas encontram amor, compreens\u00e3o, apoio, aprendizado, irm\u00e3os recebendo irm\u00e3o.<strong>Luiz Carlos Amaro.<\/strong><\/p>\n\n\n\n<p>_________________________________________________________________________________________________________________________________________________________________<\/p>\n\n\n<div class=\"wp-block-image\">\n<figure class=\"aligncenter size-large is-resized\"><img decoding=\"async\" width=\"889\" height=\"500\" data-src=\"https:\/\/alianca.org.br\/site\/wp-content\/uploads\/2024\/07\/WhatsApp-Image-2024-07-27-at-15.11.08-889x500.jpeg\" alt=\"\" class=\"wp-image-27670 lazyload\" style=\"--smush-placeholder-width: 889px; --smush-placeholder-aspect-ratio: 889\/500;width:924px;height:auto\" data-srcset=\"https:\/\/alianca.org.br\/site\/wp-content\/uploads\/2024\/07\/WhatsApp-Image-2024-07-27-at-15.11.08-889x500.jpeg 889w, https:\/\/alianca.org.br\/site\/wp-content\/uploads\/2024\/07\/WhatsApp-Image-2024-07-27-at-15.11.08-300x169.jpeg 300w, https:\/\/alianca.org.br\/site\/wp-content\/uploads\/2024\/07\/WhatsApp-Image-2024-07-27-at-15.11.08-768x432.jpeg 768w, https:\/\/alianca.org.br\/site\/wp-content\/uploads\/2024\/07\/WhatsApp-Image-2024-07-27-at-15.11.08-1536x864.jpeg 1536w, https:\/\/alianca.org.br\/site\/wp-content\/uploads\/2024\/07\/WhatsApp-Image-2024-07-27-at-15.11.08.jpeg 1600w\" data-sizes=\"(max-width: 889px) 100vw, 889px\" src=\"data:image\/svg+xml;base64,PHN2ZyB3aWR0aD0iMSIgaGVpZ2h0PSIxIiB4bWxucz0iaHR0cDovL3d3dy53My5vcmcvMjAwMC9zdmciPjwvc3ZnPg==\" \/><\/figure>\n<\/div>\n\n\n<p class=\"has-black-color has-text-color has-link-color has-medium-font-size wp-elements-c9185cd58c494c7f02f282f4744e482c\">Nossa Reuni\u00e3o na SP Sul foi bastante Produtiva, os Assuntos trazidos e debatidos, em torno dos desafios da regional e das equipes de apoio, boa parte do tempo sobre o trabalho da equipe de apoio sobre mediunidade e muito bem trazido pelos presentes e ponderados sobre a necessidade de conhecermos mais profundamente as atividades de cada equipe, uma casa bem estruturada deve manter todos os programas e zelar pelo bom andamento de todos, comentado tamb\u00e9m sobre o nosso esp\u00edrito inovador buscando novas formas de atender as necessidades legitimas dos frequentadores, para cada novo desafio novas formas de agir e neste ponto as equipes de apoio prestam grande auxilio ao movimento.&nbsp; Foi Lembrado que uma casa \u00e9 uma c\u00e9lula do movimento quando ela desenvolve todas atividades e n\u00e3o procura interagir com as demais de sua regional, na pratica ela n\u00e3o esta em Alian\u00e7a, pois o movimento Alian\u00e7a \u00e9 integrativo, toda a estrutura \u00e9 baseada em trabalho em equipe, n\u00e3o interagir em regional e se isolar por maior que seja a casa, vai ser enfraquecida neste ponto, pois o grande beneficio de trabalhar de forma colaborativa \u00e9 dificultar o personalismo, evitar os v\u00edcios que vai se apresentando com o tempo. A alian\u00e7a \u00e9 colaborativa, quer dizer damos e recebemos informa\u00e7\u00f5es, ajuda, apoio, dire\u00e7\u00e3o, e confraterniza\u00e7\u00e3o como foi a manh\u00e3 deste s\u00e1bado, obrigado por nos receber.<\/p>\n\n\n\n<div style=\"height:20px\" aria-hidden=\"true\" class=\"wp-block-spacer\"><\/div>\n\n\n\n<section id=\"gmdca86db\" class=\"wp-block-gutentor-m4 section-gmdca86db gutentor-module gutentor-advanced-columns regionais\"><div class=\"grid-container\"><div class=\"grid-row\">\n<div id=\"col-gm500a85\" class=\"wp-block-gutentor-m4-col col-gm500a85 gutentor-single-column  grid-lg-4 grid-md-12 grid-12\"><div id=\"section-gm500a85\" class=\"section-gm500a85 gutentor-col-wrap\">\n<figure class=\"wp-block-video\"><video controls src=\"https:\/\/alianca.org.br\/site\/wp-content\/uploads\/2024\/07\/nova%20odessa1.mp4\"><\/video><\/figure>\n<\/div><\/div>\n\n\n\n<div id=\"col-gm1812c2\" class=\"wp-block-gutentor-m4-col col-gm1812c2 gutentor-single-column  grid-lg-4 grid-md-12 grid-12\"><div id=\"section-gm1812c2\" class=\"section-gm1812c2 gutentor-col-wrap\">\n<section id=\"gm37193bf\" class=\"wp-block-gutentor-m5 section-gm37193bf gutentor-module gutentor-module-slider gutentor-slick-a-default-desktop gutentor-module-caption-enabled\"><div class=\"gutentor-module-slider-row\" data-dots=\"false\" data-dotstablet=\"false\" data-dotsmobile=\"false\" data-nextarrow=\"fas fa-angle-right\" data-prevarrow=\"fas fa-angle-left\" data-arrows=\"true\" data-arrowstablet=\"true\" data-arrowsmobile=\"true\" data-fade=\"true\" data-draggable=\"true\" data-infinite=\"true\" data-autoplay=\"true\" data-pauseonfocus=\"true\" data-pauseonhover=\"true\" data-speed=\"2000\" data-autoplayspeed=\"2500\" data-arrowspositiondesktop=\"gutentor-slick-a-default-desktop\">\n<div id=\"col-gm5e84b6\" class=\"wp-block-gutentor-m5-col col-gm5e84b6 gutentor-slider-item\"><div id=\"section-gm5e84b6\" class=\"section-gm5e84b6 gutentor-col-wrap has-image-normal has-custom-bg\"><img decoding=\"async\" data-src=\"https:\/\/alianca.org.br\/site\/wp-content\/uploads\/2024\/07\/6a.jpg\" alt=\"\" src=\"data:image\/svg+xml;base64,PHN2ZyB3aWR0aD0iMSIgaGVpZ2h0PSIxIiB4bWxucz0iaHR0cDovL3d3dy53My5vcmcvMjAwMC9zdmciPjwvc3ZnPg==\" class=\"lazyload\" style=\"--smush-placeholder-width: 1600px; --smush-placeholder-aspect-ratio: 1600\/1200;\" \/><div class=\"gutentor-slider-caption\"><div class=\"grid-container\"><\/div><\/div><\/div><\/div>\n\n\n\n<div id=\"col-gm4a1462\" class=\"wp-block-gutentor-m5-col col-gm4a1462 gutentor-slider-item\"><div id=\"section-gm4a1462\" class=\"section-gm4a1462 gutentor-col-wrap has-image-normal has-custom-bg\"><img decoding=\"async\" data-src=\"https:\/\/alianca.org.br\/site\/wp-content\/uploads\/2024\/07\/5a.jpg\" alt=\"\" src=\"data:image\/svg+xml;base64,PHN2ZyB3aWR0aD0iMSIgaGVpZ2h0PSIxIiB4bWxucz0iaHR0cDovL3d3dy53My5vcmcvMjAwMC9zdmciPjwvc3ZnPg==\" class=\"lazyload\" style=\"--smush-placeholder-width: 1600px; --smush-placeholder-aspect-ratio: 1600\/1200;\" \/><div class=\"gutentor-slider-caption\"><div class=\"grid-container\"><\/div><\/div><\/div><\/div>\n\n\n\n<div id=\"col-gmea2cf1\" class=\"wp-block-gutentor-m5-col col-gmea2cf1 gutentor-slider-item\"><div id=\"section-gmea2cf1\" class=\"section-gmea2cf1 gutentor-col-wrap has-image-normal has-custom-bg\"><img decoding=\"async\" data-src=\"https:\/\/alianca.org.br\/site\/wp-content\/uploads\/2024\/07\/4a.jpg\" alt=\"\" src=\"data:image\/svg+xml;base64,PHN2ZyB3aWR0aD0iMSIgaGVpZ2h0PSIxIiB4bWxucz0iaHR0cDovL3d3dy53My5vcmcvMjAwMC9zdmciPjwvc3ZnPg==\" class=\"lazyload\" style=\"--smush-placeholder-width: 1600px; --smush-placeholder-aspect-ratio: 1600\/1200;\" \/><div class=\"gutentor-slider-caption\"><div class=\"grid-container\"><\/div><\/div><\/div><\/div>\n\n\n\n<div id=\"col-gm34976c\" class=\"wp-block-gutentor-m5-col col-gm34976c gutentor-slider-item\"><div id=\"section-gm34976c\" class=\"section-gm34976c gutentor-col-wrap has-image-normal has-custom-bg\"><img decoding=\"async\" data-src=\"https:\/\/alianca.org.br\/site\/wp-content\/uploads\/2024\/07\/3a.jpg\" alt=\"\" src=\"data:image\/svg+xml;base64,PHN2ZyB3aWR0aD0iMSIgaGVpZ2h0PSIxIiB4bWxucz0iaHR0cDovL3d3dy53My5vcmcvMjAwMC9zdmciPjwvc3ZnPg==\" class=\"lazyload\" style=\"--smush-placeholder-width: 1600px; --smush-placeholder-aspect-ratio: 1600\/1200;\" \/><div class=\"gutentor-slider-caption\"><div class=\"grid-container\"><\/div><\/div><\/div><\/div>\n\n\n\n<div id=\"col-gmb9df08\" class=\"wp-block-gutentor-m5-col col-gmb9df08 gutentor-slider-item\"><div id=\"section-gmb9df08\" class=\"section-gmb9df08 gutentor-col-wrap has-image-normal has-custom-bg\"><img decoding=\"async\" data-src=\"https:\/\/alianca.org.br\/site\/wp-content\/uploads\/2024\/07\/2a.jpg\" alt=\"\" src=\"data:image\/svg+xml;base64,PHN2ZyB3aWR0aD0iMSIgaGVpZ2h0PSIxIiB4bWxucz0iaHR0cDovL3d3dy53My5vcmcvMjAwMC9zdmciPjwvc3ZnPg==\" class=\"lazyload\" style=\"--smush-placeholder-width: 1600px; --smush-placeholder-aspect-ratio: 1600\/1200;\" \/><div class=\"gutentor-slider-caption\"><div class=\"grid-container\"><\/div><\/div><\/div><\/div>\n\n\n\n<div id=\"col-gmc4032d\" class=\"wp-block-gutentor-m5-col col-gmc4032d gutentor-slider-item\"><div id=\"section-gmc4032d\" class=\"section-gmc4032d gutentor-col-wrap has-image-normal has-custom-bg\"><img decoding=\"async\" data-src=\"https:\/\/alianca.org.br\/site\/wp-content\/uploads\/2024\/07\/1a.jpg\" alt=\"\" src=\"data:image\/svg+xml;base64,PHN2ZyB3aWR0aD0iMSIgaGVpZ2h0PSIxIiB4bWxucz0iaHR0cDovL3d3dy53My5vcmcvMjAwMC9zdmciPjwvc3ZnPg==\" class=\"lazyload\" style=\"--smush-placeholder-width: 1600px; --smush-placeholder-aspect-ratio: 1600\/1200;\" \/><div class=\"gutentor-slider-caption\"><div class=\"grid-container\"><\/div><\/div><\/div><\/div>\n<\/div><\/section>\n<\/div><\/div>\n\n\n\n<div id=\"col-gm99ee35\" class=\"wp-block-gutentor-m4-col col-gm99ee35 gutentor-single-column  grid-lg-4 grid-md-12 grid-12\"><div id=\"section-gm99ee35\" class=\"section-gm99ee35 gutentor-col-wrap\">\n<p class=\"has-black-color has-text-color has-link-color has-medium-font-size wp-elements-9ea9de3557edab6b4469dff93e6affdc\"><\/p>\n<\/div><\/div>\n<\/div><\/div><\/section>\n\n\n\n<p class=\"regionais has-medium-font-size\" id=\"<a&gt;href=&quot;mailhttps:\/\/api.whatsapp.com\/send?1=pt_BR&amp;phone=551135015894&quot;\">Ao todo S\u00e3o dezenove Regionais cobrindo grande parte do territ\u00f3rio Brasileiro e mais grupos em varias regi\u00f5es do globo, para mais informa\u00e7\u00f5es, entre em contato com a secretaria informaremos quem \u00e9 o coordenador de sua regi\u00e3o.<\/p>\n\n\n\n<div class=\"wp-block-columns is-layout-flex wp-container-core-columns-is-layout-9d6595d7 wp-block-columns-is-layout-flex\">\n<div class=\"wp-block-column is-layout-flow wp-block-column-is-layout-flow\">\n<div class=\"wp-block-columns is-layout-flex wp-container-core-columns-is-layout-9d6595d7 wp-block-columns-is-layout-flex\">\n<div class=\"wp-block-column is-layout-flow wp-block-column-is-layout-flow\">\n<div class=\"wp-block-group\"><div class=\"wp-block-group__inner-container is-layout-flow wp-block-group-is-layout-flow\">\n<div class=\"wp-block-buttons is-layout-flex wp-block-buttons-is-layout-flex\">\n<div class=\"wp-block-button is-style-fill\"><a class=\"wp-block-button__link has-black-color has-vivid-green-cyan-background-color has-text-color has-background wp-element-button\" href=\"https:\/\/www.aliancaabc.com\" style=\"border-radius:31px\">ABC<\/a><\/div>\n\n\n\n<div class=\"wp-block-button is-style-fill\"><a class=\"wp-block-button__link has-black-color has-text-color has-background wp-element-button\" href=\"https:\/\/aeeregionalararaquara.com.br\/\" style=\"border-radius:31px;background-color:#0a7c32b8\">ARARAQUARA<\/a><\/div>\n\n\n\n<div class=\"wp-block-button is-style-fill\"><a class=\"wp-block-button__link has-black-color has-pale-pink-background-color has-text-color has-background wp-element-button\" style=\"border-radius:31px\">CAMPINAS<\/a><\/div>\n\n\n\n<div class=\"wp-block-button is-style-fill\"><a class=\"wp-block-button__link has-black-color has-text-color has-background wp-element-button\" style=\"border-radius:31px;background-color:#8436f7a6\">CENTRO OESTE<\/a><\/div>\n\n\n\n<div class=\"wp-block-button is-style-fill\"><a class=\"wp-block-button__link has-black-color has-text-color has-background wp-element-button\" style=\"border-radius:31px;background-color:#c89f81\">EXTREMO SUL<\/a><\/div>\n\n\n\n<div class=\"wp-block-button is-style-fill\"><a class=\"wp-block-button__link has-black-color has-pale-pink-background-color has-text-color has-background wp-element-button\" style=\"border-radius:31px\">LITORAL SUL<\/a><\/div>\n\n\n\n<div class=\"wp-block-button is-style-fill\"><a class=\"wp-block-button__link has-black-color has-text-color has-background wp-element-button\" href=\"https:\/\/litoralcentro.wordpress.com\/\" style=\"border-radius:31px;background-color:#1a59289c\">LITORAL CENTRO<\/a><\/div>\n\n\n\n<div class=\"wp-block-button is-style-fill\"><a class=\"wp-block-button__link has-black-color has-vivid-green-cyan-background-color has-text-color has-background wp-element-button\" href=\"https:\/\/regionalmg.com.br\/\" style=\"border-radius:31px\">MINAS GERAIS<\/a><\/div>\n\n\n\n<div class=\"wp-block-button is-style-fill\"><a class=\"wp-block-button__link has-black-color has-luminous-vivid-orange-background-color has-text-color has-background wp-element-button\" href=\"https:\/\/www.instagram.com\/aliancaespiritane\/\" style=\"border-radius:31px\">NORDESTE<\/a><\/div>\n\n\n\n<div class=\"wp-block-button is-style-fill\"><a class=\"wp-block-button__link has-black-color has-luminous-vivid-amber-background-color has-text-color has-background wp-element-button\" style=\"border-radius:31px\">NORDESTE 1<\/a><\/div>\n\n\n\n<div class=\"wp-block-button is-style-fill\"><a class=\"wp-block-button__link has-black-color has-text-color has-background wp-element-button\" href=\"http:\/\/www.aliancaribeirao.com.br\/\" style=\"border-radius:31px;background-color:#3aff00\">RIB PRETO<\/a><\/div>\n\n\n\n<div class=\"wp-block-button is-style-fill\"><a class=\"wp-block-button__link has-black-color has-vivid-cyan-blue-background-color has-text-color has-background wp-element-button\" style=\"border-radius:31px\">SP CENTRO<\/a><\/div>\n\n\n\n<div class=\"wp-block-button is-style-fill\"><a class=\"wp-block-button__link has-black-color has-luminous-vivid-orange-background-color has-text-color has-background wp-element-button\" style=\"border-radius:31px\">SP LESTE<\/a><\/div>\n\n\n\n<div class=\"wp-block-button is-style-fill\"><a class=\"wp-block-button__link has-black-color has-luminous-vivid-amber-background-color has-text-color has-background wp-element-button\" style=\"border-radius:31px\">SP OESTE<\/a><\/div>\n\n\n\n<div class=\"wp-block-button is-style-fill\"><a class=\"wp-block-button__link has-black-color has-text-color has-background wp-element-button\" href=\"https:\/\/regionalspsul.org.br\/\" style=\"border-radius:31px;background-color:#f2517a\">SP SUL<\/a><\/div>\n\n\n\n<div class=\"wp-block-button is-style-fill\"><a class=\"wp-block-button__link has-black-color has-vivid-cyan-blue-background-color has-text-color has-background wp-element-button\" style=\"border-radius:31px\">SP NORTE<\/a><\/div>\n\n\n\n<div class=\"wp-block-button is-style-fill\"><a class=\"wp-block-button__link has-black-color has-pale-pink-background-color has-text-color has-background wp-element-button\" style=\"border-radius:27px\">PIRACICABA<\/a><\/div>\n\n\n\n<div class=\"wp-block-button is-style-fill\"><a class=\"wp-block-button__link has-black-color has-text-color has-background wp-element-button\" style=\"border-radius:31px;background-color:#ff6a00a8\">SORACABA<\/a><\/div>\n\n\n\n<div class=\"wp-block-button is-style-fill\"><a class=\"wp-block-button__link has-black-color has-text-color has-background wp-element-button\" href=\"https:\/\/m.facebook.com\/profile.php?id=100064486520195\" style=\"border-radius:31px;background-color:#1da870\" target=\"_blank\" rel=\"noreferrer noopener\">VALE DO PARAIDA<\/a><\/div>\n\n\n\n<div class=\"wp-block-button is-style-fill\"><a class=\"wp-block-button__link has-black-color has-text-color has-background wp-element-button\" href=\"https:\/\/alianca.org.br\/site\/equipe-apoio-ao-exterior\/\" style=\"border-radius:31px;background-color:#1fa272\">EXTERIOR<\/a><\/div>\n<\/div>\n<\/div><\/div>\n<\/div>\n<\/div>\n<\/div>\n<\/div>\n","protected":false},"excerpt":{"rendered":"<p>A Alian\u00e7a se organiza em Regionais, Somos dezenove Regionais cobrindo grande parte do Territ\u00f3rio Nacional.  Tamb\u00e9m temos grupos em v\u00e1rios Pa\u00edses os quais damos apoio, as casas do exterior se correspondem direto com a secretaria ou atrav\u00e9s do seu grupo de apoio.  No roda p\u00e9 adicionamos link para as redes sociais e sites de v\u00e1rias regionais, para maiores informa\u00e7\u00f5es entre em contato pelo n\u00famero no topo da p\u00e1gina.<\/p>\n","protected":false},"author":2,"featured_media":19958,"parent":0,"menu_order":0,"comment_status":"closed","ping_status":"closed","template":"","meta":{"om_disable_all_campaigns":false,"_monsterinsights_skip_tracking":false,"_monsterinsights_sitenote_active":false,"_monsterinsights_sitenote_note":"","_monsterinsights_sitenote_category":0,"footnotes":""},"class_list":["post-15502","page","type-page","status-publish","has-post-thumbnail","hentry"],"aioseo_notices":[],"_links":{"self":[{"href":"https:\/\/alianca.org.br\/site\/wp-json\/wp\/v2\/pages\/15502","targetHints":{"allow":["GET"]}}],"collection":[{"href":"https:\/\/alianca.org.br\/site\/wp-json\/wp\/v2\/pages"}],"about":[{"href":"https:\/\/alianca.org.br\/site\/wp-json\/wp\/v2\/types\/page"}],"author":[{"embeddable":true,"href":"https:\/\/alianca.org.br\/site\/wp-json\/wp\/v2\/users\/2"}],"replies":[{"embeddable":true,"href":"https:\/\/alianca.org.br\/site\/wp-json\/wp\/v2\/comments?post=15502"}],"version-history":[{"count":0,"href":"https:\/\/alianca.org.br\/site\/wp-json\/wp\/v2\/pages\/15502\/revisions"}],"wp:featuredmedia":[{"embeddable":true,"href":"https:\/\/alianca.org.br\/site\/wp-json\/wp\/v2\/media\/19958"}],"wp:attachment":[{"href":"https:\/\/alianca.org.br\/site\/wp-json\/wp\/v2\/media?parent=15502"}],"curies":[{"name":"wp","href":"https:\/\/api.w.org\/{rel}","templated":true}]}}