{"id":21944,"date":"2023-06-30T21:02:28","date_gmt":"2023-07-01T00:02:28","guid":{"rendered":"https:\/\/alianca.org.br\/site\/?page_id=21944"},"modified":"2025-05-31T21:41:22","modified_gmt":"2025-06-01T00:41:22","slug":"pre-mocidade","status":"publish","type":"page","link":"https:\/\/alianca.org.br\/site\/pre-mocidade\/","title":{"rendered":"Pr\u00e9 Mocidade"},"content":{"rendered":"\n<h2 class=\"wp-block-heading\">PR\u00c9 \u2013 MOCIDADE<\/h2>\n\n\n\n<p class=\"has-black-color has-text-color has-medium-font-size\"><strong>O que \u00e9?<\/strong><\/p>\n\n\n\n<p class=\"has-black-color has-text-color has-medium-font-size\">\u00c9 um programa cont\u00ednuo de orienta\u00e7\u00e3o esp\u00edrita, fundamentado na viv\u00eancia evang\u00e9lica, voltado para a transi\u00e7\u00e3o da inf\u00e2ncia para a juventude.<\/p>\n\n\n\n<p class=\"has-black-color has-text-color has-medium-font-size\">\u00c9 o elo de integra\u00e7\u00e3o com o trabalho da Evangeliza\u00e7\u00e3o Infantil e a Mocidade Esp\u00edrita.<\/p>\n\n\n\n<p><a href=\"https:\/\/alianca.org.br\/site\/wp-content\/uploads\/2024\/01\/Responsabilidade_2.jpg\" title=\"\">  j<\/a>dfhttps:\/\/br.qr-code-generator.com\/Lorem ipsum dolor sit amet, consectetur adipiscing elit. Ut elit tellus, luctus nec ullamcorper mattis, pulvinar dapibus leo.Lorem ipsum dolor sit amet, consectetur adipiscing elit. Ut elit tellus, luctus nec ullamcorper mattis, pulvinar dapibus leo.Lorem ipsum dolor sit amet, consectetur adipiscing elit. Ut elit tellus, luctus nec ullamcorper mattis, pulvinar dapibus leo.Lorem ipsum dolor sit amet, consectetur adipiscing elit. Ut elit tellus, luctus nec ullamcorper mattis, pulvinar dapibus leo.Lorem ipsum dolor sit amet, consectetur adipiscing elit. Ut elit tellus, luctus nec ullamcorper mattis, pulvinar dapibus leo.Lorem ipsum dolor sit amet, consectetur adipiscing elit. Ut elit tellus, luctus nec ullamcorper mattis, pulvinar dapibus leo.<\/p>\n\n\n\n<div class=\"wp-block-media-text alignwide is-stacked-on-mobile\" style=\"grid-template-columns:21% auto\"><figure class=\"wp-block-media-text__media\"><img fetchpriority=\"high\" decoding=\"async\" width=\"750\" height=\"500\" src=\"https:\/\/alianca.org.br\/site\/wp-content\/uploads\/2023\/11\/Que-fizestes-da-crianca_1-750x500.jpg\" alt=\"\" class=\"wp-image-23947 size-full\" srcset=\"https:\/\/alianca.org.br\/site\/wp-content\/uploads\/2023\/11\/Que-fizestes-da-crianca_1-750x500.jpg 750w, https:\/\/alianca.org.br\/site\/wp-content\/uploads\/2023\/11\/Que-fizestes-da-crianca_1-300x200.jpg 300w, https:\/\/alianca.org.br\/site\/wp-content\/uploads\/2023\/11\/Que-fizestes-da-crianca_1-768x512.jpg 768w, https:\/\/alianca.org.br\/site\/wp-content\/uploads\/2023\/11\/Que-fizestes-da-crianca_1-391x260.jpg 391w, https:\/\/alianca.org.br\/site\/wp-content\/uploads\/2023\/11\/Que-fizestes-da-crianca_1.jpg 1280w\" sizes=\"(max-width: 750px) 100vw, 750px\" \/><\/figure><div class=\"wp-block-media-text__content\">\n<p class=\"has-black-color has-text-color has-medium-font-size\">A faixa et\u00e1ria com a qual trabalhamos necessita de imenso refor\u00e7o \u00e0 autoestima, sendo esta a melhor preven\u00e7\u00e3o para o envolvimento com caminhos inadequados. A evangeliza\u00e7\u00e3o infantil planta sementes de amor em desenvolvimento, cuja germina\u00e7\u00e3o depende n\u00e3o s\u00f3 do trabalho dos evangelizadores, mas muito da fam\u00edlia. J\u00e1 na Pr\u00e9-Mocidade, inicia-se a busca por referenciais externos como exemplos de conduta, busca essa que se intensifica na Mocidade. Ainda que o n\u00facleo familiar continue a exercer influ\u00eancia. A op\u00e7\u00e3o pelo modo de viver e o direcionamento do caminho do jovem passam a sofrer cada vez mais a interfer\u00eancia do grupo social no qual ele se insere, dos \u00eddolos escolhidos e de suas amizades.<\/p>\n<\/div><\/div>\n\n\n\n<p class=\"has-black-color has-text-color has-medium-font-size\">O jovem vai se tornando mais perme\u00e1vel \u00e0 sociedade e a fam\u00edlia se v\u00ea dividindo a sua fun\u00e7\u00e3o orientadora. Nesse momento, nosso papel de evangelizadores de uma turma ainda que em tempo t\u00e3o pequeno, cerca de uma hora, uma vez por semana \u2013 \u00e9 fundamental para captar a aten\u00e7\u00e3o de nossos alunos, aproveitando sua natural curiosidade. De cora\u00e7\u00f5es e mentes abertos, os jovens s\u00e3o terreno prop\u00edcio para cultivarmos os conceitos consoladores e renovadores da doutrina esp\u00edrita.<\/p>\n\n\n\n<p class=\"has-black-color has-text-color has-medium-font-size\">Mas para tanto \u00e9 preciso estarmos atentos e criarmos atividades que mobilizem seus sentimentos rumo ao autoconhecimento e \u00e0 autoestima. S\u00e3o necess\u00e1rios estrat\u00e9gias definida se objetivos claros para manter acesa a centelha divina, que habita todos n\u00f3s, por meio dos ensinamentos de Jesus e dos esclarecimentos do espiritismo. Nesta idade, os jovens da Pr\u00e9-Mocidade na busca e transforma\u00e7\u00e3o de sua identidade v\u00e3o ao encontro de exemplos de conduta, daqueles a quem eleger\u00e3o seus \u00eddolos. Descrevem os especialistas que esta transforma\u00e7\u00e3o envolve o questionamento da realidade, dos referenciais morais aprendidos na escola e na fam\u00edlia e a&nbsp; valoriza\u00e7\u00e3o da verdade.<\/p>\n\n\n\n<p class=\"has-black-color has-text-color has-medium-font-size\">\u00c9 preciso responder ao jovem genuinamente, derrubando mitos e atendo-se aos fatos. Se, na&nbsp; evangeliza\u00e7\u00e3o infantil, as hist\u00f3rias contadas s\u00e3o mais fantasiosas, na fase juvenil \u00e9 importante falar sobre personagens reais que se superaram, exemplificando com seus pensamentos e atitudes no caminho do bem.(&#8230;)<\/p>\n\n\n\n<h1 class=\"wp-block-heading\">&nbsp;<\/h1>\n\n\n\n<p class=\"has-black-color has-text-color has-medium-font-size\"><strong>Quais seus objetivos?<\/strong><\/p>\n\n\n\n<ul class=\"wp-block-list\">\n<li class=\"has-medium-font-size\">Desenvolver o amor por si pr\u00f3prio e o amor pelo pr\u00f3ximo<\/li>\n\n\n\n<li class=\"has-medium-font-size\">Despertar o aluno para a consci\u00eancia espiritual.<\/li>\n\n\n\n<li class=\"has-medium-font-size\">Oferecer subs\u00eddios para a conquista da autoconfian\u00e7a, autoestima, num processo constante de busca interior.<\/li>\n\n\n\n<li class=\"has-medium-font-size\">Promover a intera\u00e7\u00e3o social.<\/li>\n<\/ul>\n","protected":false},"excerpt":{"rendered":"<p>PR\u00c9 \u2013 MOCIDADE O que \u00e9? \u00c9 um programa cont\u00ednuo de orienta\u00e7\u00e3o esp\u00edrita, fundamentado na viv\u00eancia evang\u00e9lica, voltado para a transi\u00e7\u00e3o da inf\u00e2ncia para a juventude. \u00c9 o elo de integra\u00e7\u00e3o com o trabalho da Evangeliza\u00e7\u00e3o Infantil e a Mocidade Esp\u00edrita. jdfhttps:\/\/br.qr-code-generator.com\/Lorem ipsum dolor sit amet, consectetur adipiscing elit. Ut elit tellus, luctus nec ullamcorper [&hellip;]<\/p>\n","protected":false},"author":2,"featured_media":0,"parent":0,"menu_order":0,"comment_status":"closed","ping_status":"closed","template":"","meta":{"om_disable_all_campaigns":false,"_monsterinsights_skip_tracking":false,"_monsterinsights_sitenote_active":false,"_monsterinsights_sitenote_note":"","_monsterinsights_sitenote_category":0,"footnotes":""},"class_list":["post-21944","page","type-page","status-publish","hentry"],"aioseo_notices":[],"_links":{"self":[{"href":"https:\/\/alianca.org.br\/site\/wp-json\/wp\/v2\/pages\/21944","targetHints":{"allow":["GET"]}}],"collection":[{"href":"https:\/\/alianca.org.br\/site\/wp-json\/wp\/v2\/pages"}],"about":[{"href":"https:\/\/alianca.org.br\/site\/wp-json\/wp\/v2\/types\/page"}],"author":[{"embeddable":true,"href":"https:\/\/alianca.org.br\/site\/wp-json\/wp\/v2\/users\/2"}],"replies":[{"embeddable":true,"href":"https:\/\/alianca.org.br\/site\/wp-json\/wp\/v2\/comments?post=21944"}],"version-history":[{"count":0,"href":"https:\/\/alianca.org.br\/site\/wp-json\/wp\/v2\/pages\/21944\/revisions"}],"wp:attachment":[{"href":"https:\/\/alianca.org.br\/site\/wp-json\/wp\/v2\/media?parent=21944"}],"curies":[{"name":"wp","href":"https:\/\/api.w.org\/{rel}","templated":true}]}}