{"id":643,"date":"2022-02-07T12:51:21","date_gmt":"2022-02-07T15:51:21","guid":{"rendered":"https:\/\/alianca.org.br\/site\/?page_id=643"},"modified":"2024-05-03T15:35:42","modified_gmt":"2024-05-03T18:35:42","slug":"equipe-pre-mocidade","status":"publish","type":"page","link":"https:\/\/alianca.org.br\/site\/equipe-pre-mocidade\/","title":{"rendered":"Equipe Pr\u00e9-Mocidade"},"content":{"rendered":"\t\t<div data-elementor-type=\"wp-page\" data-elementor-id=\"643\" class=\"elementor elementor-643\">\n\t\t\t\t\t\t<section class=\"elementor-section elementor-top-section elementor-element elementor-element-23a1b673 elementor-section-boxed elementor-section-height-default elementor-section-height-default\" data-id=\"23a1b673\" data-element_type=\"section\" data-e-type=\"section\">\n\t\t\t\t\t\t<div class=\"elementor-container elementor-column-gap-default\">\n\t\t\t\t\t<nav class=\"elementor-column elementor-col-100 elementor-top-column elementor-element elementor-element-6c386aef\" data-id=\"6c386aef\" data-element_type=\"column\" data-e-type=\"column\">\n\t\t\t<div class=\"elementor-widget-wrap elementor-element-populated\">\n\t\t\t\t\t\t<div class=\"elementor-element elementor-element-4b58d22f elementor-drop-cap-yes elementor-drop-cap-view-default elementor-widget elementor-widget-text-editor\" data-id=\"4b58d22f\" data-element_type=\"widget\" data-e-type=\"widget\" data-settings=\"{&quot;drop_cap&quot;:&quot;yes&quot;}\" data-widget_type=\"text-editor.default\">\n\t\t\t\t<div class=\"elementor-widget-container\">\n\t\t\t\t\t\t\t\t\t<p><\/p>\n<h1 class=\"wp-block-heading\"><strong>Quem Poderia Ser Melhor Modelo Para a Juventude<\/strong> <strong>Que o Amigo Jesus?<\/strong><\/h1>\n<p><\/p>\n<img scr \"https:\/\/alianca.org.br\/site\/wp-content\/uploads\/2024\/03\/Pra-quem-voce-tira-o-chapeu_2.jpg\" alt \"\"\n<p><\/p>\n<p class=\"has-text-align-right\" style=\"font-size: 18px;\"><em>Carla Ramos Bettarello,<\/em><\/p>\n<p><\/p>\n<p><\/p>\n<p class=\"has-text-align-right\" style=\"font-size: 18px;\"><em>GEAE Piracicaba<\/em><\/p>\n<p><\/p>\n<p><\/p>\n<p class=\"has-text-align-right\" style=\"font-size: 18px;\"><em>O Trevo\u00a0 415 \u2013 Fevereiro 2010<\/em><\/p>\n<p><\/p>\n<p><\/p>\n<p style=\"font-size: 18px;\">A faixa et\u00e1ria com a qual trabalhamos necessita de imenso refor\u00e7o \u00e0 autoestima, sendo esta a melhor preven\u00e7\u00e3o para o envolvimento com caminhos inadequados. A evangeliza\u00e7\u00e3o infantil planta sementes de amor em desenvolvimento, cuja germina\u00e7\u00e3o depende n\u00e3o s\u00f3 do trabalho dos evangelizadores, mas muito da fam\u00edlia. J\u00e1 na Pr\u00e9-Mocidade, inicia-se a busca por referenciais externos como exemplos de conduta, busca essa que se intensifica na Mocidade. Ainda que o n\u00facleo familiar continue a exercer influ\u00eancia. A op\u00e7\u00e3o pelo modo de viver e o direcionamento do caminho do jovem passam a sofrer cada vez mais a interfer\u00eancia do grupo social no qual ele se insere, dos \u00eddolos escolhidos e de suas amizades.<\/p>\n<p><\/p>\n<p><\/p>\n<p style=\"font-size: 18px;\">O jovem vai se tornando mais perme\u00e1vel \u00e0 sociedade e a fam\u00edlia se v\u00ea dividindo a sua fun\u00e7\u00e3o orientadora. Nesse momento, nosso papel de evangelizadores de uma turma ainda que em tempo t\u00e3o pequeno, cerca de uma hora, uma vez por semana \u2013 \u00e9 fundamental para captar a aten\u00e7\u00e3o de nossos alunos, aproveitando sua natural curiosidade. De cora\u00e7\u00f5es e mentes abertos, os jovens s\u00e3o terreno prop\u00edcio para cultivarmos os conceitos consoladores e renovadores da doutrina esp\u00edrita.<\/p>\n<p><\/p>\n<p><\/p>\n<p>&nbsp;<\/p>\n<p style=\"font-size: 18px;\">Mas para tanto \u00e9 preciso estarmos atentos e criarmos atividades que mobilizem seus sentimentos rumo ao autoconhecimento e \u00e0 autoestima. S\u00e3o necess\u00e1rios estrat\u00e9gias definida se objetivos claros para manter acesa a centelha divina, que habita todos n\u00f3s, por meio dos ensinamentos de Jesus e dos esclarecimentos do espiritismo. Nesta idade, os jovens da Pr\u00e9-Mocidade na busca e transforma\u00e7\u00e3o de sua identidade v\u00e3o ao encontro de exemplos de conduta, daqueles a quem eleger\u00e3o seus \u00eddolos. Descrevem os especialistas que esta transforma\u00e7\u00e3o envolve o questionamento da realidade, dos referenciais morais aprendidos na escola e na fam\u00edlia e a\u00a0 valoriza\u00e7\u00e3o da verdade.<\/p>\n<p><\/p>\n<p><\/p>\n<p style=\"font-size: 18px;\">\u00c9 preciso responder ao jovem genuinamente, derrubando mitos e atendo-se aos fatos. Se, na\u00a0 evangeliza\u00e7\u00e3o infantil, as hist\u00f3rias contadas s\u00e3o mais fantasiosas, na fase juvenil \u00e9 importante falar sobre personagens reais que se superaram, exemplificando com seus pensamentos e atitudes no caminho do bem.(&#8230;)<\/p>\n<p style=\"font-size: 18px;\">\u00a0<\/p>\n<p style=\"font-size: 18px;\">\u00a0<\/p>\n<p><\/p>\t\t\t\t\t\t\t\t<\/div>\n\t\t\t\t<\/div>\n\t\t\t\t\t<\/div>\n\t\t<\/nav>\n\t\t\t\t\t<\/div>\n\t\t<\/section>\n\t\t\t\t<\/div>\n\t\t","protected":false},"excerpt":{"rendered":"<p>Quem Poderia Ser Melhor Modelo Para a Juventude Que o Amigo Jesus?<\/p>\n","protected":false},"author":1,"featured_media":0,"parent":0,"menu_order":0,"comment_status":"closed","ping_status":"closed","template":"","meta":{"om_disable_all_campaigns":false,"_monsterinsights_skip_tracking":false,"_monsterinsights_sitenote_active":false,"_monsterinsights_sitenote_note":"","_monsterinsights_sitenote_category":0,"footnotes":""},"class_list":["post-643","page","type-page","status-publish","hentry"],"aioseo_notices":[],"_links":{"self":[{"href":"https:\/\/alianca.org.br\/site\/wp-json\/wp\/v2\/pages\/643","targetHints":{"allow":["GET"]}}],"collection":[{"href":"https:\/\/alianca.org.br\/site\/wp-json\/wp\/v2\/pages"}],"about":[{"href":"https:\/\/alianca.org.br\/site\/wp-json\/wp\/v2\/types\/page"}],"author":[{"embeddable":true,"href":"https:\/\/alianca.org.br\/site\/wp-json\/wp\/v2\/users\/1"}],"replies":[{"embeddable":true,"href":"https:\/\/alianca.org.br\/site\/wp-json\/wp\/v2\/comments?post=643"}],"version-history":[{"count":0,"href":"https:\/\/alianca.org.br\/site\/wp-json\/wp\/v2\/pages\/643\/revisions"}],"wp:attachment":[{"href":"https:\/\/alianca.org.br\/site\/wp-json\/wp\/v2\/media?parent=643"}],"curies":[{"name":"wp","href":"https:\/\/api.w.org\/{rel}","templated":true}]}}