{"id":66,"date":"2018-07-16T11:18:07","date_gmt":"2018-07-16T11:18:07","guid":{"rendered":"http:\/\/demo.acmethemes.com\/lawyer-zone\/?page_id=162"},"modified":"2025-10-26T20:27:46","modified_gmt":"2025-10-26T23:27:46","slug":"fdj","status":"publish","type":"page","link":"https:\/\/alianca.org.br\/site\/fdj\/","title":{"rendered":"FDJ"},"content":{"rendered":"<div id=\"pl-66\"  class=\"panel-layout\" ><div id=\"pg-66-0\"  class=\"panel-grid panel-no-style\" ><div id=\"pgc-66-0-0\"  class=\"panel-grid-cell\" ><div id=\"panel-66-0-0-0\" class=\"so-panel widget widget_media_image panel-first-child\" data-index=\"0\" ><img fetchpriority=\"high\" decoding=\"async\" width=\"1920\" height=\"300\" src=\"https:\/\/alianca.org.br\/site\/wp-content\/uploads\/2022\/02\/FDJ_Alianca.jpg\" class=\"image wp-image-784  attachment-full size-full\" alt=\"\" style=\"max-width: 100%; height: auto;\" srcset=\"https:\/\/alianca.org.br\/site\/wp-content\/uploads\/2022\/02\/FDJ_Alianca.jpg 1920w, https:\/\/alianca.org.br\/site\/wp-content\/uploads\/2022\/02\/FDJ_Alianca-300x47.jpg 300w, https:\/\/alianca.org.br\/site\/wp-content\/uploads\/2022\/02\/FDJ_Alianca-1024x160.jpg 1024w, https:\/\/alianca.org.br\/site\/wp-content\/uploads\/2022\/02\/FDJ_Alianca-768x120.jpg 768w, https:\/\/alianca.org.br\/site\/wp-content\/uploads\/2022\/02\/FDJ_Alianca-1536x240.jpg 1536w\" sizes=\"(max-width: 1920px) 100vw, 1920px\" \/><\/div><div id=\"panel-66-0-0-1\" class=\"so-panel widget widget_text\" data-index=\"1\" >\t\t\t<div class=\"textwidget\"><\/div>\n\t\t<\/div><div id=\"panel-66-0-0-2\" class=\"so-panel widget widget_lawyer_zone_team\" data-index=\"2\" >            <section id=\"lawyer_zone_team-REPLACE_TO_ID\" class=\"at-widgets acme-teams \">\r\n                <div class=\"container\">\r\n\t                                   <div class=\"row featured-entries-col featured-entries-logo \">\r\n                                                            <div class=\"single-list col-sm-4 col-md-4\">\r\n                                        <div class=\"team-item init-animate zoomIn\">\r\n                                            <div class=\"team-author\">\r\n                                                <div class=\"team-img-box\">\r\n                                                                                                    <\/div>\r\n                                                <div class=\"team-author-details team-no-img\">\r\n                                                    <h3 class=\"team-name\">\r\n\t\t                                                <a href=\"https:\/\/alianca.org.br\/site\/projeto-andre-luiz\/\" class=\"all-link\">Projeto Andr\u00e9 Luiz<\/a>                                                    <\/h3>\r\n                                                                                                            <div class=\"team-details\">\r\n\t\t                                                    <p>Estudo dos ensinamentos dos livros de Andr\u00e9 Luiz, psicografados por Chico Xavier.<br \/>\nSaiba mais&#8230;<\/p>\n                                                        <\/div>\r\n\t                                                                                                    <\/div>\r\n                                            <\/div>\r\n                                        <\/div>\r\n                                    <\/div>\r\n                                                                        <div class=\"single-list col-sm-4 col-md-4\">\r\n                                        <div class=\"team-item init-animate zoomIn\">\r\n                                            <div class=\"team-author\">\r\n                                                <div class=\"team-img-box\">\r\n                                                    <a href=\"https:\/\/alianca.org.br\/site\/falandoaocoracao\/\" class=\"all-link\"><img decoding=\"async\" width=\"7257\" height=\"1512\" data-src=\"https:\/\/alianca.org.br\/site\/wp-content\/uploads\/2025\/05\/Inserir-um-titulo-1.png\" class=\"attachment-full size-full wp-post-image lazyload\" alt=\"\" data-srcset=\"https:\/\/alianca.org.br\/site\/wp-content\/uploads\/2025\/05\/Inserir-um-titulo-1.png 7257w, https:\/\/alianca.org.br\/site\/wp-content\/uploads\/2025\/05\/Inserir-um-titulo-1-300x63.png 300w, https:\/\/alianca.org.br\/site\/wp-content\/uploads\/2025\/05\/Inserir-um-titulo-1-1400x292.png 1400w, https:\/\/alianca.org.br\/site\/wp-content\/uploads\/2025\/05\/Inserir-um-titulo-1-768x160.png 768w, https:\/\/alianca.org.br\/site\/wp-content\/uploads\/2025\/05\/Inserir-um-titulo-1-1536x320.png 1536w, https:\/\/alianca.org.br\/site\/wp-content\/uploads\/2025\/05\/Inserir-um-titulo-1-2048x427.png 2048w\" data-sizes=\"(max-width: 7257px) 100vw, 7257px\" src=\"data:image\/svg+xml;base64,PHN2ZyB3aWR0aD0iMSIgaGVpZ2h0PSIxIiB4bWxucz0iaHR0cDovL3d3dy53My5vcmcvMjAwMC9zdmciPjwvc3ZnPg==\" style=\"--smush-placeholder-width: 7257px; --smush-placeholder-aspect-ratio: 7257\/1512;\" \/><\/a>                                                <\/div>\r\n                                                <div class=\"team-author-details \">\r\n                                                    <h3 class=\"team-name\">\r\n\t\t                                                <a href=\"https:\/\/alianca.org.br\/site\/falandoaocoracao\/\" class=\"all-link\">Falando ao Cora\u00e7\u00e3o<\/a>                                                    <\/h3>\r\n                                                                                                            <div class=\"team-details\">\r\n\t\t                                                    <p>Diariamente, o Falando ao Cora\u00e7\u00e3o te recebe com todo o carinho. Entre nessa sintonia de amor!<br \/>\numa experi\u00eancia magn\u00edfica, muito f\u00e1cil participar, pelo celular ou computador.<\/p>\n                                                        <\/div>\r\n\t                                                                                                    <\/div>\r\n                                            <\/div>\r\n                                        <\/div>\r\n                                    <\/div>\r\n                                                                        <div class=\"single-list col-sm-4 col-md-4\">\r\n                                        <div class=\"team-item init-animate zoomIn\">\r\n                                            <div class=\"team-author\">\r\n                                                <div class=\"team-img-box\">\r\n                                                    <a href=\"https:\/\/alianca.org.br\/site\/projeto-paulo-de-tarso\/\" class=\"all-link\"><img decoding=\"async\" width=\"7257\" height=\"1512\" data-src=\"https:\/\/alianca.org.br\/site\/wp-content\/uploads\/2025\/05\/paulo-de-tarso-sem-fronteiras.png\" class=\"attachment-full size-full wp-post-image lazyload\" alt=\"\" data-srcset=\"https:\/\/alianca.org.br\/site\/wp-content\/uploads\/2025\/05\/paulo-de-tarso-sem-fronteiras.png 7257w, https:\/\/alianca.org.br\/site\/wp-content\/uploads\/2025\/05\/paulo-de-tarso-sem-fronteiras-300x63.png 300w, https:\/\/alianca.org.br\/site\/wp-content\/uploads\/2025\/05\/paulo-de-tarso-sem-fronteiras-1400x292.png 1400w, https:\/\/alianca.org.br\/site\/wp-content\/uploads\/2025\/05\/paulo-de-tarso-sem-fronteiras-768x160.png 768w, https:\/\/alianca.org.br\/site\/wp-content\/uploads\/2025\/05\/paulo-de-tarso-sem-fronteiras-1536x320.png 1536w, https:\/\/alianca.org.br\/site\/wp-content\/uploads\/2025\/05\/paulo-de-tarso-sem-fronteiras-2048x427.png 2048w\" data-sizes=\"(max-width: 7257px) 100vw, 7257px\" src=\"data:image\/svg+xml;base64,PHN2ZyB3aWR0aD0iMSIgaGVpZ2h0PSIxIiB4bWxucz0iaHR0cDovL3d3dy53My5vcmcvMjAwMC9zdmciPjwvc3ZnPg==\" style=\"--smush-placeholder-width: 7257px; --smush-placeholder-aspect-ratio: 7257\/1512;\" \/><\/a>                                                <\/div>\r\n                                                <div class=\"team-author-details \">\r\n                                                    <h3 class=\"team-name\">\r\n\t\t                                                <a href=\"https:\/\/alianca.org.br\/site\/projeto-paulo-de-tarso\/\" class=\"all-link\">Paulo de Tarso Sem Fronteira<\/a>                                                    <\/h3>\r\n                                                                                                            <div class=\"team-details\">\r\n\t\t                                                    <p>A\u00e7\u00e3o amorosa de levar o Evangelho de Jesus \u00e0 toda parte e de diversos modos poss\u00edveis.<br \/>\nSaiba mais&#8230;<\/p>\n                                                        <\/div>\r\n\t                                                                                                    <\/div>\r\n                                            <\/div>\r\n                                        <\/div>\r\n                                    <\/div>\r\n                                                        <\/div><!--row-->\r\n                <\/div>\r\n            <\/section>\r\n            <\/div><div id=\"panel-66-0-0-3\" class=\"so-panel widget widget_text panel-last-child\" data-index=\"3\" ><h3 class=\"widget-title\">Conhe\u00e7a melhor o seu mestre<\/h3>\t\t\t<div class=\"textwidget\"><p class=\"p1\"><span class=\"s1\">Todos n\u00f3s, iniciados nas Escolas dos Aprendizes do Evangelho, guardamos doces lembran\u00e7as das aulas do primeiro ano em\u00a0que estudamos a vida de Jesus, em especial no acompanhamento do livro O Redentor.<\/span><\/p>\n<p class=\"p1\"><span class=\"s1\">\u00c9 um momento significativo e aben\u00e7oado em que carinhosamente sentimos mais presente esta criatura que nos fala t\u00e3o\u00a0profundamente a alma, que nos inspira ternura e estimula o progresso.<\/span><\/p>\n<p class=\"p1\"><span class=\"s1\">Por\u00e9m, como se prop\u00f5e a EAE, as mat\u00e9rias s\u00e3o resumidas e muito mais motivadoras do que formadoras, ou seja, \u00e9 um\u00a0convite a que por nossa pr\u00f3pria conta busquemos maior conhecimento.<\/span><\/p>\n<p class=\"p1\"><span class=\"s1\">Neste caso, para todos os que O elegeram como Mestre, torna-se important\u00edssimo, sen\u00e3o vital, conhec\u00ea-lo mais a cada dia.\u00a0Entende-se por conhec\u00ea-lo, assimilar em suas li\u00e7\u00f5es a \u00e1gua viva que sacia a sede para sempre.<\/span><\/p>\n<p class=\"p1\"><span class=\"s1\">H\u00e1 nas narrativas do Evangelho de Jo\u00e3o, no capitulo 6:67, aquela passagem significativa que deve falar alto aos iniciados do\u00a03\u00b0 grau, os disc\u00edpulos, \u00e9 quando os Seus feitos despertaram perseguidores e seus seguidores atemorizados come\u00e7am a se\u00a0afastar, e ent\u00e3o o Mestre pergunta aos seus disc\u00edpulos:<\/span><\/p>\n<p class=\"p1\"><span class=\"s1\">Perguntou, ent\u00e3o, Jesus aos doze:\u00a0\u201cN\u00e3o quereis v\u00f3s tamb\u00e9m retirar-vos\u201d?<\/span><\/p>\n<p class=\"p1\"><span class=\"s1\">Respondeu-lhe Sim\u00e3o Pedro:\u00a0\u201cSenhor, para quem iremos? Tu tens palavras de vida eterna,\u00a0e n\u00f3s confiamos, e sabemos que\u00a0tu \u00e9s o santo de Deus\u201d.<\/span><\/p>\n<p class=\"p1\"><span class=\"s1\">Assim queridos irm\u00e3os, quando a vida vos parece morna ou fria, quando o entusiasmo pela causa estiver se esvaecendo,\u00a0quando as dificuldades do mundo te convidarem ao menor esfor\u00e7o, lembra-te de Pedro \u2013\u00a0\u201cPara onde iremos, s\u00f3 ele pode\u00a0nos mostrar o caminho mais curto para a realiza\u00e7\u00e3o superior, para o encontro com o Pai\u201d.<\/span><\/p>\n<p class=\"p1\"><span class=\"s1\">Vamos senti-lo mais e mais perto, somos aben\u00e7oados por tanta literatura que a doutrina nos oferece, busquemos nos\u00a0achegar e aquecer o clima do ideal. Busquemos a companhia do Mestre, e ou\u00e7amo-lo novamente dizer: \u201c\u2026aprendei de mim,\u00a0que sou manso e humilde de cora\u00e7\u00e3o; e achareis descanso para as vossas almas.\u201d<\/span><\/p>\n<p class=\"p1\"><a href=\"https:\/\/aliancalivraria.com.br\/categoria\/97\/doutrinario\"><span class=\"s1\">SUGEST\u00d5ES DE LEITURA<\/span><\/a><\/p>\n<\/div>\n\t\t<\/div><\/div><\/div><\/div>","protected":false},"excerpt":{"rendered":"<p>Todos n\u00f3s, iniciados nas Escolas dos Aprendizes do Evangelho, guardamos doces lembran\u00e7as das aulas do primeiro ano em\u00a0que estudamos a vida de Jesus, em especial no acompanhamento do livro O Redentor. \u00c9 um momento significativo e aben\u00e7oado em que carinhosamente sentimos mais presente esta criatura que nos fala t\u00e3o\u00a0profundamente a alma, que nos inspira ternura [&hellip;]<\/p>\n","protected":false},"author":1,"featured_media":0,"parent":0,"menu_order":0,"comment_status":"closed","ping_status":"closed","template":"page-templates\/template-builder.php","meta":{"om_disable_all_campaigns":false,"_monsterinsights_skip_tracking":false,"_monsterinsights_sitenote_active":false,"_monsterinsights_sitenote_note":"","_monsterinsights_sitenote_category":0,"footnotes":""},"class_list":["post-66","page","type-page","status-publish","hentry"],"aioseo_notices":[],"_links":{"self":[{"href":"https:\/\/alianca.org.br\/site\/wp-json\/wp\/v2\/pages\/66","targetHints":{"allow":["GET"]}}],"collection":[{"href":"https:\/\/alianca.org.br\/site\/wp-json\/wp\/v2\/pages"}],"about":[{"href":"https:\/\/alianca.org.br\/site\/wp-json\/wp\/v2\/types\/page"}],"author":[{"embeddable":true,"href":"https:\/\/alianca.org.br\/site\/wp-json\/wp\/v2\/users\/1"}],"replies":[{"embeddable":true,"href":"https:\/\/alianca.org.br\/site\/wp-json\/wp\/v2\/comments?post=66"}],"version-history":[{"count":0,"href":"https:\/\/alianca.org.br\/site\/wp-json\/wp\/v2\/pages\/66\/revisions"}],"wp:attachment":[{"href":"https:\/\/alianca.org.br\/site\/wp-json\/wp\/v2\/media?parent=66"}],"curies":[{"name":"wp","href":"https:\/\/api.w.org\/{rel}","templated":true}]}}